CRAN Package Check Results for Package gwfa

Last updated on 2022-05-25 07:50:21 CEST.

Flavor Version Tinstall Tcheck Ttotal Status Flags
r-devel-linux-x86_64-debian-clang 0.0.4 21.56 50.48 72.04 OK
r-devel-linux-x86_64-debian-gcc 0.0.4 16.95 40.05 57.00 OK
r-devel-linux-x86_64-fedora-clang 0.0.4 95.84 NOTE
r-devel-linux-x86_64-fedora-gcc 0.0.4 89.57 NOTE
r-devel-windows-x86_64 0.0.4 27.00 83.00 110.00 OK
r-patched-linux-x86_64 0.0.4 19.78 49.91 69.69 OK
r-release-linux-x86_64 0.0.4 OK
r-release-macos-arm64 0.0.4 29.00 OK
r-release-macos-x86_64 0.0.4 37.00 OK
r-release-windows-x86_64 0.0.4 25.00 85.00 110.00 OK
r-oldrel-macos-arm64 0.0.4 31.00 OK
r-oldrel-macos-x86_64 0.0.4 48.00 OK
r-oldrel-windows-ix86+x86_64 0.0.4 55.00 91.00 146.00 OK

Check Details

Version: 0.0.4
Check: compiled code
Result: NOTE
    File ‘gwfa/libs/gwfa.so’:
     Found no calls to: ‘R_registerRoutines’, ‘R_useDynamicSymbols’
    
    It is good practice to register native routines and to disable symbol
    search.
    
    See ‘Writing portable packages’ in the ‘Writing R Extensions’ manual.
Flavors: r-devel-linux-x86_64-fedora-clang, r-devel-linux-x86_64-fedora-gcc