Last updated on 2022-07-05 07:50:56 CEST.
Flavor | Version | Tinstall | Tcheck | Ttotal | Status | Flags |
---|---|---|---|---|---|---|
r-devel-linux-x86_64-debian-clang | 0.0.5 | 63.28 | 122.32 | 185.60 | OK | |
r-devel-linux-x86_64-debian-gcc | 0.0.5 | 48.51 | 80.29 | 128.80 | OK | |
r-devel-linux-x86_64-fedora-clang | 0.0.5 | 228.84 | NOTE | |||
r-devel-linux-x86_64-fedora-gcc | 0.0.5 | 196.16 | OK | |||
r-devel-windows-x86_64 | 0.0.5 | 81.00 | 167.00 | 248.00 | OK | |
r-patched-linux-x86_64 | 0.0.5 | 50.40 | 95.13 | 145.53 | OK | |
r-release-linux-x86_64 | 0.0.5 | 50.83 | 94.28 | 145.11 | OK | |
r-release-macos-arm64 | 0.0.5 | 53.00 | NOTE | |||
r-release-macos-x86_64 | 0.0.5 | 76.00 | NOTE | |||
r-release-windows-x86_64 | 0.0.5 | 88.00 | 150.00 | 238.00 | OK | |
r-oldrel-macos-arm64 | 0.0.5 | 60.00 | NOTE | |||
r-oldrel-macos-x86_64 | 0.0.5 | 77.00 | NOTE | |||
r-oldrel-windows-ix86+x86_64 | 0.0.5 | 148.00 | 179.00 | 327.00 | NOTE |
Version: 0.0.5
Check: installed package size
Result: NOTE
installed size is 5.9Mb
sub-directories of 1Mb or more:
doc 2.9Mb
libs 2.3Mb
Flavors: r-devel-linux-x86_64-fedora-clang, r-release-macos-arm64, r-release-macos-x86_64, r-oldrel-macos-arm64, r-oldrel-macos-x86_64, r-oldrel-windows-ix86+x86_64