Last updated on 2022-07-05 07:50:56 CEST.
Flavor | Version | Tinstall | Tcheck | Ttotal | Status | Flags |
---|---|---|---|---|---|---|
r-devel-linux-x86_64-debian-clang | 2.0-9 | 27.15 | 221.64 | 248.79 | NOTE | |
r-devel-linux-x86_64-debian-gcc | 2.0-9 | 19.18 | 165.30 | 184.48 | NOTE | |
r-devel-linux-x86_64-fedora-clang | 2.0-9 | 303.18 | NOTE | |||
r-devel-linux-x86_64-fedora-gcc | 2.0-9 | 305.01 | NOTE | |||
r-devel-windows-x86_64 | 2.0-9 | 75.00 | 320.00 | 395.00 | NOTE | |
r-patched-linux-x86_64 | 2.0-9 | 22.13 | 210.32 | 232.45 | OK | |
r-release-linux-x86_64 | 2.0-9 | 22.84 | 208.95 | 231.79 | OK | |
r-release-macos-arm64 | 2.0-9 | 108.00 | OK | |||
r-release-macos-x86_64 | 2.0-9 | 138.00 | OK | |||
r-release-windows-x86_64 | 2.0-9 | 66.00 | 310.00 | 376.00 | OK | |
r-oldrel-macos-arm64 | 2.0-9 | 96.00 | OK | |||
r-oldrel-macos-x86_64 | 2.0-9 | 138.00 | OK | |||
r-oldrel-windows-ix86+x86_64 | 2.0-9 | 71.00 | 415.00 | 486.00 | OK |
Version: 2.0-9
Check: Rd files
Result: NOTE
checkRd: (-1) fit.variogram.Rd:91: Escaped LaTeX specials: \&
checkRd: (-1) fit.variogram.gls.Rd:39: Escaped LaTeX specials: \&
checkRd: (-1) gstat.Rd:117: Escaped LaTeX specials: \&
checkRd: (-1) hscat.Rd:40: Escaped LaTeX specials: \&
checkRd: (-1) krige.Rd:163: Escaped LaTeX specials: \&
checkRd: (-1) krigeST.Rd:85: Escaped LaTeX specials: \&
checkRd: (-1) meuse.all.Rd:41: Escaped LaTeX specials: \&
checkRd: (-1) predict.gstat.Rd:155: Escaped LaTeX specials: \&
checkRd: (-1) variogram.Rd:163: Escaped LaTeX specials: \&
checkRd: (-1) variogramST.Rd:61: Escaped LaTeX specials: \&
checkRd: (-1) vgm.Rd:116: Escaped LaTeX specials: \&
Flavors: r-devel-linux-x86_64-debian-clang, r-devel-linux-x86_64-debian-gcc, r-devel-linux-x86_64-fedora-clang, r-devel-linux-x86_64-fedora-gcc, r-devel-windows-x86_64