CRAN Package Check Results for Package grizbayr

Last updated on 2022-01-28 06:53:23 CET.

Flavor Version Tinstall Tcheck Ttotal Status Flags
r-devel-linux-x86_64-debian-clang 1.3.1 4.62 423.27 427.89 NOTE
r-devel-linux-x86_64-debian-gcc 1.3.1 4.49 407.14 411.63 NOTE
r-devel-linux-x86_64-fedora-clang 1.3.1 486.42 NOTE
r-devel-linux-x86_64-fedora-gcc 1.3.1 484.59 NOTE
r-devel-windows-x86_64-new-UL 1.3.1 92.00 512.00 604.00 NOTE
r-devel-windows-x86_64-new-TK 1.3.1 NOTE
r-patched-linux-x86_64 1.3.1 5.15 400.47 405.62 NOTE
r-release-linux-x86_64 1.3.1 4.32 401.63 405.95 NOTE
r-release-macos-arm64 1.3.1 NOTE
r-release-macos-x86_64 1.3.1 NOTE
r-release-windows-ix86+x86_64 1.3.1 12.00 474.00 486.00 NOTE
r-oldrel-macos-x86_64 1.3.1 OK
r-oldrel-windows-ix86+x86_64 1.3.1 12.00 466.00 478.00 OK

Check Details

Version: 1.3.1
Check: LazyData
Result: NOTE
     'LazyData' is specified without a 'data' directory
Flavors: r-devel-linux-x86_64-debian-clang, r-devel-linux-x86_64-debian-gcc, r-devel-linux-x86_64-fedora-clang, r-devel-linux-x86_64-fedora-gcc, r-devel-windows-x86_64-new-UL, r-devel-windows-x86_64-new-TK, r-patched-linux-x86_64, r-release-linux-x86_64, r-release-macos-arm64, r-release-macos-x86_64, r-release-windows-ix86+x86_64