CRAN Package Check Results for Package greed

Last updated on 2022-01-23 07:14:01 CET.

Flavor Version Tinstall Tcheck Ttotal Status Flags
r-devel-linux-x86_64-debian-clang 0.5.1 373.31 598.24 971.55 OK
r-devel-linux-x86_64-debian-gcc 0.5.1 273.37 950.60 1223.97 OK
r-devel-linux-x86_64-fedora-clang 0.5.1 1218.92 NOTE
r-devel-linux-x86_64-fedora-gcc 0.5.1 1303.82 NOTE
r-devel-windows-x86_64-new-UL 0.5.1 345.00 518.00 863.00 OK
r-devel-windows-x86_64-new-TK 0.5.1 ERROR
r-patched-linux-x86_64 0.5.1 325.86 622.33 948.19 OK
r-release-linux-x86_64 0.5.1 299.91 618.99 918.90 OK
r-release-macos-arm64 0.5.1 NOTE
r-release-macos-x86_64 0.5.1 NOTE
r-release-windows-ix86+x86_64 0.5.1 912.00 781.00 1693.00 NOTE
r-oldrel-macos-x86_64 0.5.1 NOTE
r-oldrel-windows-ix86+x86_64 0.5.1 732.00 806.00 1538.00 NOTE

Check Details

Version: 0.5.1
Check: installed package size
Result: NOTE
     installed size is 22.1Mb
     sub-directories of 1Mb or more:
     libs 19.8Mb
Flavors: r-devel-linux-x86_64-fedora-clang, r-release-macos-arm64, r-release-macos-x86_64, r-release-windows-ix86+x86_64, r-oldrel-macos-x86_64, r-oldrel-windows-ix86+x86_64

Version: 0.5.1
Check: data for non-ASCII characters
Result: NOTE
     Note: found 6693 marked UTF-8 strings
Flavors: r-devel-linux-x86_64-fedora-clang, r-devel-linux-x86_64-fedora-gcc, r-release-macos-arm64, r-release-macos-x86_64, r-oldrel-macos-x86_64

Version: 0.5.1
Check: package dependencies
Result: ERROR
    Package required but not available: 'ggpubr'
    
    See section 'The DESCRIPTION file' in the 'Writing R Extensions'
    manual.
Flavor: r-devel-windows-x86_64-new-TK