Last updated on 2022-08-14 07:54:39 CEST.
Flavor | Version | Tinstall | Tcheck | Ttotal | Status | Flags |
---|---|---|---|---|---|---|
r-devel-linux-x86_64-debian-clang | 1.0 | 31.61 | 267.26 | 298.87 | OK | |
r-devel-linux-x86_64-debian-gcc | 1.0 | 25.80 | 197.26 | 223.06 | OK | |
r-devel-linux-x86_64-fedora-clang | 1.0 | 347.24 | NOTE | |||
r-devel-linux-x86_64-fedora-gcc | 1.0 | 356.81 | NOTE | |||
r-devel-windows-x86_64 | 1.0 | 34.00 | 257.00 | 291.00 | OK | |
r-patched-linux-x86_64 | 1.0 | 27.98 | 258.28 | 286.26 | OK | |
r-release-linux-x86_64 | 1.0 | 34.42 | 255.98 | 290.40 | OK | |
r-release-macos-arm64 | 1.0 | 71.00 | NOTE | |||
r-release-macos-x86_64 | 1.0 | 105.00 | NOTE | |||
r-release-windows-x86_64 | 1.0 | 34.00 | 271.00 | 305.00 | OK | |
r-oldrel-macos-arm64 | 1.0 | 65.00 | NOTE | |||
r-oldrel-macos-x86_64 | 1.0 | 97.00 | NOTE | |||
r-oldrel-windows-ix86+x86_64 | 1.0 | 63.00 | 266.00 | 329.00 | OK |
Version: 1.0
Check: dependencies in R code
Result: NOTE
Namespaces in Imports field not imported from:
‘MASS’ ‘cubature’ ‘magicaxis’
All declared Imports should be used.
Flavors: r-devel-linux-x86_64-fedora-clang, r-devel-linux-x86_64-fedora-gcc, r-release-macos-arm64, r-release-macos-x86_64, r-oldrel-macos-arm64, r-oldrel-macos-x86_64