CRAN Package Check Results for Package graphlayouts

Last updated on 2022-07-02 07:07:00 CEST.

Flavor Version Tinstall Tcheck Ttotal Status Flags
r-devel-linux-x86_64-debian-clang 0.8.0 74.70 47.85 122.55 OK
r-devel-linux-x86_64-debian-gcc 0.8.0 58.68 36.50 95.18 OK
r-devel-linux-x86_64-fedora-clang 0.8.0 193.11 NOTE
r-devel-linux-x86_64-fedora-gcc 0.8.0 167.90 OK
r-devel-windows-x86_64 0.8.0 100.00 91.00 191.00 OK
r-patched-linux-x86_64 0.8.0 65.37 46.36 111.73 OK
r-release-linux-x86_64 0.8.0 64.73 45.87 110.60 OK
r-release-macos-arm64 0.8.0 44.00 NOTE
r-release-macos-x86_64 0.8.0 58.00 NOTE
r-release-windows-x86_64 0.8.0 133.00 94.00 227.00 OK
r-oldrel-macos-arm64 0.8.0 39.00 NOTE
r-oldrel-macos-x86_64 0.8.0 65.00 NOTE
r-oldrel-windows-ix86+x86_64 0.8.0 188.00 105.00 293.00 OK

Check Details

Version: 0.8.0
Check: installed package size
Result: NOTE
     installed size is 5.1Mb
     sub-directories of 1Mb or more:
     help 2.4Mb
     libs 2.5Mb
Flavors: r-devel-linux-x86_64-fedora-clang, r-release-macos-arm64, r-release-macos-x86_64, r-oldrel-macos-arm64, r-oldrel-macos-x86_64