Last updated on 2022-05-17 07:53:06 CEST.
Flavor | Version | Tinstall | Tcheck | Ttotal | Status | Flags |
---|---|---|---|---|---|---|
r-devel-linux-x86_64-debian-clang | 0.2.0 | 5.39 | 59.94 | 65.33 | NOTE | |
r-devel-linux-x86_64-debian-gcc | 0.2.0 | 4.64 | 44.49 | 49.13 | NOTE | |
r-devel-linux-x86_64-fedora-clang | 0.2.0 | 77.20 | NOTE | |||
r-devel-linux-x86_64-fedora-gcc | 0.2.0 | 74.16 | NOTE | |||
r-devel-windows-x86_64 | 0.2.0 | 16.00 | 76.00 | 92.00 | NOTE | |
r-patched-linux-x86_64 | 0.2.0 | 5.78 | 55.92 | 61.70 | NOTE | |
r-release-linux-x86_64 | 0.2.0 | 4.74 | 55.85 | 60.59 | NOTE | |
r-release-macos-arm64 | 0.2.0 | 21.00 | NOTE | |||
r-release-macos-x86_64 | 0.2.0 | 47.00 | NOTE | |||
r-release-windows-x86_64 | 0.2.0 | 28.00 | 73.00 | 101.00 | NOTE | |
r-oldrel-macos-arm64 | 0.2.0 | 25.00 | NOTE | |||
r-oldrel-macos-x86_64 | 0.2.0 | 36.00 | NOTE | |||
r-oldrel-windows-ix86+x86_64 | 0.2.0 | 14.00 | 67.00 | 81.00 | NOTE |
Version: 0.2.0
Check: LazyData
Result: NOTE
'LazyData' is specified without a 'data' directory
Flavors: r-devel-linux-x86_64-debian-clang, r-devel-linux-x86_64-debian-gcc, r-devel-linux-x86_64-fedora-clang, r-devel-linux-x86_64-fedora-gcc, r-devel-windows-x86_64, r-patched-linux-x86_64, r-release-linux-x86_64, r-release-macos-arm64, r-release-macos-x86_64, r-release-windows-x86_64, r-oldrel-macos-arm64, r-oldrel-macos-x86_64, r-oldrel-windows-ix86+x86_64