CRAN Package Check Results for Package googleTagManageR

Last updated on 2022-07-04 07:48:56 CEST.

Flavor Version Tinstall Tcheck Ttotal Status Flags
r-devel-linux-x86_64-debian-clang 0.2.0 7.34 68.51 75.85 OK
r-devel-linux-x86_64-debian-gcc 0.2.0 6.30 50.87 57.17 OK
r-devel-linux-x86_64-fedora-clang 0.2.0 99.79 NOTE
r-devel-linux-x86_64-fedora-gcc 0.2.0 97.71 NOTE
r-devel-windows-x86_64 0.2.0 164.00 102.00 266.00 OK
r-patched-linux-x86_64 0.2.0 7.85 64.12 71.97 OK
r-release-linux-x86_64 0.2.0 7.16 64.21 71.37 OK
r-release-macos-arm64 0.2.0 33.00 NOTE
r-release-macos-x86_64 0.2.0 43.00 NOTE
r-release-windows-x86_64 0.2.0 149.00 104.00 253.00 OK
r-oldrel-macos-arm64 0.2.0 28.00 NOTE
r-oldrel-macos-x86_64 0.2.0 42.00 NOTE
r-oldrel-windows-ix86+x86_64 0.2.0 18.00 94.00 112.00 OK

Check Details

Version: 0.2.0
Check: dependencies in R code
Result: NOTE
    Namespaces in Imports field not imported from:
     ‘assertthat’ ‘future’ ‘httr’
     All declared Imports should be used.
Flavors: r-devel-linux-x86_64-fedora-clang, r-devel-linux-x86_64-fedora-gcc, r-release-macos-arm64, r-release-macos-x86_64, r-oldrel-macos-arm64, r-oldrel-macos-x86_64