CRAN Package Check Results for Package gluvarpro

Last updated on 2022-07-04 07:48:56 CEST.

Flavor Version Tinstall Tcheck Ttotal Status Flags
r-devel-linux-x86_64-debian-clang 4.0 11.76 90.61 102.37 NOTE
r-devel-linux-x86_64-debian-gcc 4.0 8.44 67.20 75.64 NOTE
r-devel-linux-x86_64-fedora-clang 4.0 128.49 NOTE
r-devel-linux-x86_64-fedora-gcc 4.0 128.31 NOTE
r-devel-windows-x86_64 4.0 29.00 112.00 141.00 NOTE
r-patched-linux-x86_64 4.0 9.09 85.05 94.14 OK
r-release-linux-x86_64 4.0 8.67 84.93 93.60 OK
r-release-macos-arm64 4.0 34.00 OK
r-release-macos-x86_64 4.0 56.00 ERROR
r-release-windows-x86_64 4.0 40.00 115.00 155.00 OK
r-oldrel-macos-arm64 4.0 37.00 OK
r-oldrel-macos-x86_64 4.0 58.00 ERROR
r-oldrel-windows-ix86+x86_64 4.0 24.00 110.00 134.00 OK

Check Details

Version: 4.0
Check: Rd files
Result: NOTE
    checkRd: (-1) congagvp.Rd:46: Escaped LaTeX specials: \&
Flavors: r-devel-linux-x86_64-debian-clang, r-devel-linux-x86_64-debian-gcc, r-devel-linux-x86_64-fedora-clang, r-devel-linux-x86_64-fedora-gcc, r-devel-windows-x86_64

Version: 4.0
Check: examples
Result: ERROR
    Running examples in ‘gluvarpro-Ex.R’ failed
    The error most likely occurred in:
    
    > ### Name: preprocessgvp
    > ### Title: preprocessing raw data from continuous glucose monitoring
    > ### Aliases: preprocessgvp
    >
    > ### ** Examples
    >
    > data("datagvp4")
    > preprocessgvp(datagvp4)
    Error in preprocessgvp(datagvp4) :
     Variable date and time must have yyyy/mm/dd and hh:mm:ss format.
    Execution halted
Flavors: r-release-macos-x86_64, r-oldrel-macos-x86_64