CRAN Package Check Results for Package glow

Last updated on 2022-08-13 07:55:22 CEST.

Flavor Version Tinstall Tcheck Ttotal Status Flags
r-devel-linux-x86_64-debian-clang 0.10.1 40.18 71.53 111.71 OK
r-devel-linux-x86_64-debian-gcc 0.10.1 30.54 53.33 83.87 OK
r-devel-linux-x86_64-fedora-clang 0.10.1 155.25 NOTE
r-devel-linux-x86_64-fedora-gcc 0.10.1 151.01 NOTE
r-devel-windows-x86_64 0.10.1 41.00 128.00 169.00 OK
r-patched-linux-x86_64 0.10.1 34.61 67.96 102.57 OK
r-release-linux-x86_64 0.10.1 32.39 68.81 101.20 OK
r-release-macos-arm64 0.10.1 46.00 NOTE
r-release-macos-x86_64 0.10.1 76.00 NOTE
r-release-windows-x86_64 0.10.1 39.00 124.00 163.00 OK
r-oldrel-macos-arm64 0.10.1 54.00 NOTE
r-oldrel-macos-x86_64 0.10.1 74.00 NOTE
r-oldrel-windows-ix86+x86_64 0.10.1 88.00 139.00 227.00 OK

Check Details

Version: 0.10.1
Check: dependencies in R code
Result: NOTE
    Namespace in Imports field not imported from: ‘scales’
     All declared Imports should be used.
Flavors: r-devel-linux-x86_64-fedora-clang, r-devel-linux-x86_64-fedora-gcc, r-release-macos-arm64, r-release-macos-x86_64, r-oldrel-macos-arm64, r-oldrel-macos-x86_64

Version: 0.10.1
Check: installed package size
Result: NOTE
     installed size is 13.0Mb
     sub-directories of 1Mb or more:
     doc 2.4Mb
     libs 10.4Mb
Flavors: r-release-macos-arm64, r-release-macos-x86_64, r-oldrel-macos-arm64, r-oldrel-macos-x86_64