CRAN Package Check Results for Package glmtrans

Last updated on 2022-01-26 06:50:16 CET.

Flavor Version Tinstall Tcheck Ttotal Status Flags
r-devel-linux-x86_64-debian-clang 1.0.0 16.61 235.56 252.17 OK
r-devel-linux-x86_64-debian-gcc 1.0.0 12.57 175.16 187.73 OK
r-devel-linux-x86_64-fedora-clang 1.0.0 289.43 OK
r-devel-linux-x86_64-fedora-gcc 1.0.0 289.32 OK
r-devel-windows-x86_64-new-UL 1.0.0 30.00 240.00 270.00 OK
r-devel-windows-x86_64-new-TK 1.0.0 OK
r-patched-linux-x86_64 1.0.0 16.12 214.70 230.82 OK
r-release-linux-x86_64 1.0.0 10.31 214.51 224.82 OK
r-release-macos-arm64 1.0.0 OK
r-release-macos-x86_64 1.0.0 OK
r-release-windows-ix86+x86_64 1.0.0 35.00 243.00 278.00 OK
r-oldrel-macos-x86_64 1.0.0 OK
r-oldrel-windows-ix86+x86_64 1.0.0 37.00 186.00 223.00 WARN

Check Details

Version: 1.0.0
Check: re-building of vignette outputs
Result: WARN
    Error(s) in re-building vignettes:
    --- re-building 'glmtrans-demo.Rmd' using rmarkdown
    Quitting from lines 114-115 (glmtrans-demo.Rmd)
    Error: processing vignette 'glmtrans-demo.Rmd' failed with diagnostics:
    cannot open file 'D:/temp/RtmpCKRX7z/RLIBS_6e481fe11e2/assertthat/R/assertthat.rdb': No such file or directory
    --- failed re-building 'glmtrans-demo.Rmd'
    
    SUMMARY: processing the following file failed:
     'glmtrans-demo.Rmd'
    
    Error: Vignette re-building failed.
    Execution halted
Flavor: r-oldrel-windows-ix86+x86_64