CRAN Package Check Results for Package glmnetUtils

Last updated on 2022-01-20 06:49:20 CET.

Flavor Version Tinstall Tcheck Ttotal Status Flags
r-devel-linux-x86_64-debian-clang 1.1.8 OK
r-devel-linux-x86_64-debian-gcc 1.1.8 5.39 290.95 296.34 OK
r-devel-linux-x86_64-fedora-clang 1.1.8 483.74 OK
r-devel-linux-x86_64-fedora-gcc 1.1.8 465.25 OK
r-devel-windows-x86_64-new-UL 1.1.8 52.00 405.00 457.00 OK
r-devel-windows-x86_64-new-TK 1.1.8 OK
r-patched-linux-x86_64 1.1.8 5.67 393.23 398.90 OK
r-release-linux-x86_64 1.1.8 OK
r-release-macos-arm64 1.1.8 OK
r-release-macos-x86_64 1.1.8 OK
r-release-windows-ix86+x86_64 1.1.8 18.00 419.00 437.00 WARN
r-oldrel-macos-x86_64 1.1.8 OK
r-oldrel-windows-ix86+x86_64 1.1.8 18.00 427.00 445.00 WARN

Check Details

Version: 1.1.8
Check: re-building of vignette outputs
Result: WARN
    Error(s) in re-building vignettes:
    --- re-building 'intro.rmd' using rmarkdown
    trying URL 'https://web.stanford.edu/~hastie/glmnet/glmnetData/Leukemia.RData'
    Quitting from lines 167-173 (intro.rmd)
    Error: processing vignette 'intro.rmd' failed with diagnostics:
    cannot open URL 'https://web.stanford.edu/~hastie/glmnet/glmnetData/Leukemia.RData'
    --- failed re-building 'intro.rmd'
    
    SUMMARY: processing the following file failed:
     'intro.rmd'
    
    Error: Vignette re-building failed.
    Execution halted
Flavors: r-release-windows-ix86+x86_64, r-oldrel-windows-ix86+x86_64