CRAN Package Check Results for Package glmnet

Last updated on 2022-08-11 07:51:45 CEST.

Flavor Version Tinstall Tcheck Ttotal Status Flags
r-devel-linux-x86_64-debian-clang 4.1-4 163.82 288.04 451.86 OK
r-devel-linux-x86_64-debian-gcc 4.1-4 128.60 219.12 347.72 OK
r-devel-linux-x86_64-fedora-clang 4.1-4 579.43 OK
r-devel-linux-x86_64-fedora-gcc 4.1-4 584.75 OK
r-devel-windows-x86_64 4.1-4 289.00 450.00 739.00 OK
r-patched-linux-x86_64 4.1-4 133.54 279.40 412.94 OK
r-release-linux-x86_64 4.1-4 OK
r-release-macos-arm64 4.1-4 150.00 NOTE
r-release-macos-x86_64 4.1-4 187.00 NOTE
r-release-windows-x86_64 4.1-4 527.00 429.00 956.00 OK
r-oldrel-macos-arm64 4.1-4 144.00 NOTE
r-oldrel-macos-x86_64 4.1-4 190.00 NOTE
r-oldrel-windows-ix86+x86_64 4.1-4 297.00 464.00 761.00 NOTE

Check Details

Version: 4.1-4
Check: installed package size
Result: NOTE
     installed size is 36.3Mb
     sub-directories of 1Mb or more:
     libs 34.2Mb
Flavors: r-release-macos-arm64, r-release-macos-x86_64, r-oldrel-macos-arm64, r-oldrel-macos-x86_64, r-oldrel-windows-ix86+x86_64