CRAN Package Check Results for Package glmmsr

Last updated on 2022-01-23 07:14:01 CET.

Flavor Version Tinstall Tcheck Ttotal Status Flags
r-devel-linux-x86_64-debian-clang 0.2.3 400.04 115.75 515.79 OK --no-vignettes
r-devel-linux-x86_64-debian-gcc 0.2.3 288.38 103.92 392.30 OK --no-vignettes
r-devel-linux-x86_64-fedora-clang 0.2.3 1310.01 NOTE
r-devel-linux-x86_64-fedora-gcc 0.2.3 1260.87 OK
r-devel-windows-x86_64-new-UL 0.2.3 374.00 209.00 583.00 OK --no-vignettes
r-devel-windows-x86_64-new-TK 0.2.3 ERROR --no-vignettes
r-patched-linux-x86_64 0.2.3 333.90 120.47 454.37 OK --no-vignettes
r-release-linux-x86_64 0.2.3 344.80 118.89 463.69 OK --no-vignettes
r-release-macos-arm64 0.2.3 NOTE
r-release-macos-x86_64 0.2.3 NOTE
r-release-windows-ix86+x86_64 0.2.3 1014.00 215.00 1229.00 OK --no-vignettes
r-oldrel-macos-x86_64 0.2.3 NOTE
r-oldrel-windows-ix86+x86_64 0.2.3 1013.00 263.00 1276.00 OK --no-vignettes

Additional issues

clang-UBSAN gcc-UBSAN

Check Details

Version: 0.2.3
Check: installed package size
Result: NOTE
     installed size is 42.5Mb
     sub-directories of 1Mb or more:
     libs 41.6Mb
Flavors: r-devel-linux-x86_64-fedora-clang, r-release-macos-arm64, r-release-macos-x86_64, r-oldrel-macos-x86_64

Version: 0.2.3
Flags: --no-vignettes
Check: package dependencies
Result: ERROR
    Package required but not available: 'lme4'
    
    Package suggested but not available for checking: 'BradleyTerry2'
    
    See section 'The DESCRIPTION file' in the 'Writing R Extensions'
    manual.
Flavor: r-devel-windows-x86_64-new-TK