CRAN Package Check Results for Package glmmTMB

Last updated on 2022-01-20 06:49:20 CET.

Flavor Version Tinstall Tcheck Ttotal Status Flags
r-devel-linux-x86_64-debian-clang 1.1.2.3 OK
r-devel-linux-x86_64-debian-gcc 1.1.2.3 152.25 230.02 382.27 OK
r-devel-linux-x86_64-fedora-clang 1.1.2.3 627.82 NOTE
r-devel-linux-x86_64-fedora-gcc 1.1.2.3 439.67 OK
r-devel-windows-x86_64-new-UL 1.1.2.3 250.00 177.00 427.00 ERROR --no-vignettes
r-devel-windows-x86_64-new-TK 1.1.2.3 OK
r-patched-linux-x86_64 1.1.2.3 158.24 306.37 464.61 OK
r-release-linux-x86_64 1.1.2.3 OK
r-release-macos-arm64 1.1.2.3 NOTE
r-release-macos-x86_64 1.1.2.3 NOTE
r-release-windows-ix86+x86_64 1.1.2.3 337.00 475.00 812.00 NOTE --no-vignettes
r-oldrel-macos-x86_64 1.1.2.3 NOTE
r-oldrel-windows-ix86+x86_64 1.1.2.3 339.00 414.00 753.00 NOTE --no-vignettes

Check Details

Version: 1.1.2.3
Check: installed package size
Result: NOTE
     installed size is 48.8Mb
     sub-directories of 1Mb or more:
     libs 44.1Mb
     test_data 2.2Mb
     vignette_data 1.1Mb
Flavors: r-devel-linux-x86_64-fedora-clang, r-release-macos-arm64, r-release-macos-x86_64, r-oldrel-macos-x86_64

Version: 1.1.2.3
Flags: --no-vignettes
Check: installed package size
Result: NOTE
     installed size is 18.6Mb
     sub-directories of 1Mb or more:
     libs 13.9Mb
     test_data 2.2Mb
     vignette_data 1.1Mb
Flavors: r-devel-windows-x86_64-new-UL, r-release-windows-ix86+x86_64, r-oldrel-windows-ix86+x86_64

Version: 1.1.2.3
Flags: --no-vignettes
Check: examples
Result: ERROR
    Running examples in 'glmmTMB-Ex.R' failed
    The error most likely occurred in:
    
    > ### Name: Anova.glmmTMB
    > ### Title: Downstream methods
    > ### Aliases: Anova.glmmTMB Effect.glmmTMB downstream_methods
    > ### emmeans.glmmTMB
    >
    > ### ** Examples
    >
    > warp.lm <- glmmTMB(breaks ~ wool * tension, data = warpbreaks)
    > salamander1 <- up2date(readRDS(system.file("example_files","salamander1.rds",package="glmmTMB")))
Flavor: r-devel-windows-x86_64-new-UL

Version: 1.1.2.3
Flags: --no-vignettes
Check: tests
Result: ERROR
     Running 'AAAtest-all.R' [4s]
    Running the tests in 'tests/AAAtest-all.R' failed.
    Complete output:
     > if (require("testthat")) {
     + pkg <- "glmmTMB"
     + require(pkg, character.only=TRUE)
     + print(sessionInfo())
     + test_check(pkg, reporter="summary")
     + print(warnings()) # TODO? catch most of these by expect_warning(..)
     + } else {
     + warnings("Package 'testthat' not available, cannot run unit tests for package",
     + sQuote(pkg))
     + }
     Loading required package: testthat
     Loading required package: glmmTMB
     R Under development (unstable) (2022-01-17 r81511 ucrt)
     Platform: x86_64-w64-mingw32/x64 (64-bit)
     Running under: Windows Server x64 (build 20348)
    
     Matrix products: default
    
     locale:
     [1] LC_COLLATE=C LC_CTYPE=German_Germany.utf8
     [3] LC_MONETARY=C LC_NUMERIC=C
     [5] LC_TIME=C
    
     attached base packages:
     [1] stats graphics grDevices utils datasets methods base
    
     other attached packages:
     [1] glmmTMB_1.1.2.3 testthat_3.1.1
    
     loaded via a namespace (and not attached):
     [1] Rcpp_1.0.8 TMB_1.7.22 magrittr_2.0.1
     [4] splines_4.2.0 MASS_7.3-55 xtable_1.8-4
     [7] lattice_0.20-45 R6_2.5.1 rlang_0.4.12
     [10] multcomp_1.4-18 minqa_1.2.4 grid_4.2.0
     [13] nlme_3.1-155 TH.data_1.1-0 coda_0.19-4
     [16] emmeans_1.7.2 survival_3.2-13 lme4_1.1-27.1
     [19] numDeriv_2016.8-1.1 Matrix_1.4-0 nloptr_1.2.2.3
     [22] codetools_0.2-18 sandwich_3.0-1 estimability_1.3
     [25] compiler_4.2.0 boot_1.3-28 mvtnorm_1.1-3
     [28] zoo_1.8-9
Flavor: r-devel-windows-x86_64-new-UL