Last updated on 2022-07-03 07:51:54 CEST.
Flavor | Version | Tinstall | Tcheck | Ttotal | Status | Flags |
---|---|---|---|---|---|---|
r-devel-linux-x86_64-debian-clang | 1.6.1 | 75.25 | 175.94 | 251.19 | OK | |
r-devel-linux-x86_64-debian-gcc | 1.6.1 | 61.86 | 123.97 | 185.83 | OK | |
r-devel-linux-x86_64-fedora-clang | 1.6.1 | 318.91 | NOTE | |||
r-devel-linux-x86_64-fedora-gcc | 1.6.1 | 314.13 | NOTE | |||
r-devel-windows-x86_64 | 1.6.1 | 68.00 | 172.00 | 240.00 | OK | |
r-patched-linux-x86_64 | 1.6.1 | 71.20 | 163.21 | 234.41 | OK | |
r-release-linux-x86_64 | 1.6.1 | 71.87 | 159.24 | 231.11 | OK | |
r-release-macos-arm64 | 1.6.1 | 75.00 | NOTE | |||
r-release-macos-x86_64 | 1.6.1 | 104.00 | NOTE | |||
r-release-windows-x86_64 | 1.6.1 | 68.00 | 183.00 | 251.00 | OK | |
r-oldrel-macos-arm64 | 1.6.1 | 74.00 | NOTE | |||
r-oldrel-macos-x86_64 | 1.6.1 | 98.00 | NOTE | |||
r-oldrel-windows-ix86+x86_64 | 1.6.1 | 149.00 | 217.00 | 366.00 | OK |
Version: 1.6.1
Check: installed package size
Result: NOTE
installed size is 7.0Mb
sub-directories of 1Mb or more:
libs 6.5Mb
Flavors: r-devel-linux-x86_64-fedora-clang, r-release-macos-arm64, r-release-macos-x86_64, r-oldrel-macos-arm64, r-oldrel-macos-x86_64
Version: 1.6.1
Check: dependencies in R code
Result: NOTE
Namespace in Imports field not imported from: ‘GMMBoost’
All declared Imports should be used.
Flavors: r-devel-linux-x86_64-fedora-clang, r-devel-linux-x86_64-fedora-gcc, r-release-macos-arm64, r-release-macos-x86_64, r-oldrel-macos-arm64, r-oldrel-macos-x86_64