Last updated on 2022-05-19 07:50:10 CEST.
Flavor | Version | Tinstall | Tcheck | Ttotal | Status | Flags |
---|---|---|---|---|---|---|
r-devel-linux-x86_64-debian-clang | 0.2.2 | 4.34 | 127.45 | 131.79 | NOTE | |
r-devel-linux-x86_64-debian-gcc | 0.2.2 | 3.01 | 94.55 | 97.56 | NOTE | |
r-devel-linux-x86_64-fedora-clang | 0.2.2 | 158.26 | NOTE | |||
r-devel-linux-x86_64-fedora-gcc | 0.2.2 | 157.33 | NOTE | |||
r-devel-windows-x86_64 | 0.2.2 | 20.00 | 137.00 | 157.00 | NOTE | |
r-patched-linux-x86_64 | 0.2.2 | 6.93 | 125.16 | 132.09 | NOTE | |
r-release-linux-x86_64 | 0.2.2 | 3.92 | 119.48 | 123.40 | NOTE | |
r-release-macos-arm64 | 0.2.2 | 41.00 | NOTE | |||
r-release-macos-x86_64 | 0.2.2 | 61.00 | NOTE | |||
r-release-windows-x86_64 | 0.2.2 | 23.00 | 141.00 | 164.00 | NOTE | |
r-oldrel-macos-arm64 | 0.2.2 | 53.00 | NOTE | |||
r-oldrel-macos-x86_64 | 0.2.2 | 86.00 | NOTE | |||
r-oldrel-windows-ix86+x86_64 | 0.2.2 | 18.00 | 137.00 | 155.00 | NOTE |
Version: 0.2.2
Check: LazyData
Result: NOTE
'LazyData' is specified without a 'data' directory
Flavors: r-devel-linux-x86_64-debian-clang, r-devel-linux-x86_64-debian-gcc, r-devel-linux-x86_64-fedora-clang, r-devel-linux-x86_64-fedora-gcc, r-devel-windows-x86_64, r-patched-linux-x86_64, r-release-linux-x86_64, r-release-macos-arm64, r-release-macos-x86_64, r-release-windows-x86_64, r-oldrel-macos-arm64, r-oldrel-macos-x86_64, r-oldrel-windows-ix86+x86_64