Last updated on 2022-08-19 06:52:24 CEST.
Flavor | Version | Tinstall | Tcheck | Ttotal | Status | Flags |
---|---|---|---|---|---|---|
r-devel-linux-x86_64-debian-clang | 0.81.0 | 65.24 | 48.77 | 114.01 | OK | |
r-devel-linux-x86_64-debian-gcc | 0.81.0 | 44.03 | 37.63 | 81.66 | OK | |
r-devel-linux-x86_64-fedora-clang | 0.81.0 | 178.99 | OK | |||
r-devel-linux-x86_64-fedora-gcc | 0.81.0 | 151.34 | OK | |||
r-devel-windows-x86_64 | 0.81.0 | 63.00 | 96.00 | 159.00 | OK | |
r-patched-linux-x86_64 | 0.81.0 | 44.40 | 46.55 | 90.95 | OK | |
r-release-linux-x86_64 | 0.81.0 | OK | ||||
r-release-macos-arm64 | 0.81.0 | 39.00 | NOTE | |||
r-release-macos-x86_64 | 0.81.0 | 56.00 | NOTE | |||
r-release-windows-x86_64 | 0.81.0 | 85.00 | 96.00 | 181.00 | OK | |
r-oldrel-macos-arm64 | 0.81.0 | 46.00 | NOTE | |||
r-oldrel-macos-x86_64 | 0.81.0 | 78.00 | NOTE | |||
r-oldrel-windows-ix86+x86_64 | 0.81.0 | 154.00 | 100.00 | 254.00 | OK |
Version: 0.81.0
Check: package dependencies
Result: NOTE
Packages suggested but not available for checking:
'rtracklayer', 'GenomicRanges', 'BSgenome',
'BSgenome.Hsapiens.UCSC.hg18.masked',
'BSgenome.Hsapiens.UCSC.hg19.masked', 'BiocGenerics', 'Biostrings',
'GenomeInfoDb', 'IRanges', 'S4Vectors'
Flavor: r-release-macos-arm64
Version: 0.81.0
Check: package dependencies
Result: NOTE
Packages suggested but not available for checking:
'BSgenome.Hsapiens.UCSC.hg18.masked',
'BSgenome.Hsapiens.UCSC.hg19.masked'
Flavors: r-release-macos-x86_64, r-oldrel-macos-x86_64
Version: 0.81.0
Check: package dependencies
Result: NOTE
Packages suggested but not available for checking:
'rtracklayer', 'GenomicRanges', 'BSgenome',
'BSgenome.Hsapiens.UCSC.hg18.masked',
'BSgenome.Hsapiens.UCSC.hg19.masked'
Flavor: r-oldrel-macos-arm64