CRAN Package Check Results for Package githubinstall

Last updated on 2022-01-23 07:14:01 CET.

Flavor Version Tinstall Tcheck Ttotal Status Flags
r-devel-linux-x86_64-debian-clang 0.2.2 7.21 77.99 85.20 OK
r-devel-linux-x86_64-debian-gcc 0.2.2 5.95 64.60 70.55 OK
r-devel-linux-x86_64-fedora-clang 0.2.2 103.34 NOTE
r-devel-linux-x86_64-fedora-gcc 0.2.2 88.83 NOTE
r-devel-windows-x86_64-new-UL 0.2.2 75.00 96.00 171.00 OK
r-devel-windows-x86_64-new-TK 0.2.2 NOTE
r-patched-linux-x86_64 0.2.2 13.56 73.27 86.83 OK
r-release-linux-x86_64 0.2.2 4.34 71.99 76.33 OK
r-release-macos-arm64 0.2.2 NOTE
r-release-macos-x86_64 0.2.2 NOTE
r-release-windows-ix86+x86_64 0.2.2 16.00 86.00 102.00 OK
r-oldrel-macos-x86_64 0.2.2 NOTE
r-oldrel-windows-ix86+x86_64 0.2.2 16.00 83.00 99.00 OK

Check Details

Version: 0.2.2
Check: dependencies in R code
Result: NOTE
    Namespace in Imports field not imported from: ‘mockery’
     All declared Imports should be used.
Flavors: r-devel-linux-x86_64-fedora-clang, r-devel-linux-x86_64-fedora-gcc, r-devel-windows-x86_64-new-TK, r-release-macos-arm64, r-release-macos-x86_64, r-oldrel-macos-x86_64