Last updated on 2022-07-06 07:48:59 CEST.
Flavor | Version | Tinstall | Tcheck | Ttotal | Status | Flags |
---|---|---|---|---|---|---|
r-devel-linux-x86_64-debian-clang | 0.30.1 | 19.58 | 64.87 | 84.45 | OK | |
r-devel-linux-x86_64-debian-gcc | 0.30.1 | 14.24 | 51.39 | 65.63 | OK | |
r-devel-linux-x86_64-fedora-clang | 0.30.1 | 115.22 | OK | |||
r-devel-linux-x86_64-fedora-gcc | 0.30.1 | 113.42 | OK | |||
r-devel-windows-x86_64 | 0.30.1 | 179.00 | 173.00 | 352.00 | OK | |
r-patched-linux-x86_64 | 0.30.1 | 17.35 | 63.57 | 80.92 | OK | |
r-release-linux-x86_64 | 0.30.1 | 15.72 | 63.95 | 79.67 | OK | |
r-release-macos-arm64 | 0.30.1 | 49.00 | OK | |||
r-release-macos-x86_64 | 0.30.1 | 74.00 | OK | |||
r-release-windows-x86_64 | 0.30.1 | 127.00 | 157.00 | 284.00 | OK | |
r-oldrel-macos-arm64 | 0.30.1 | 55.00 | OK | |||
r-oldrel-macos-x86_64 | 0.30.1 | 78.00 | OK | |||
r-oldrel-windows-ix86+x86_64 | 0.30.1 | 64.00 | 178.00 | 242.00 | NOTE |
Version: 0.30.1
Check: installed package size
Result: NOTE
installed size is 8.0Mb
sub-directories of 1Mb or more:
libs 7.5Mb
Flavor: r-oldrel-windows-ix86+x86_64