Last updated on 2022-05-24 07:52:21 CEST.
Flavor | Version | Tinstall | Tcheck | Ttotal | Status | Flags |
---|---|---|---|---|---|---|
r-devel-linux-x86_64-debian-clang | 1.6.6-1 | 321.35 | 30.23 | 351.58 | OK | |
r-devel-linux-x86_64-debian-gcc | 1.6.6-1 | 242.33 | 23.97 | 266.30 | OK | |
r-devel-linux-x86_64-fedora-clang | 1.6.6-1 | 520.01 | OK | |||
r-devel-linux-x86_64-fedora-gcc | 1.6.6-1 | 528.57 | OK | |||
r-devel-windows-x86_64 | 1.6.6-1 | 14.00 | 65.00 | 79.00 | OK | |
r-patched-linux-x86_64 | 1.6.6-1 | 327.54 | 30.23 | 357.77 | OK | |
r-release-linux-x86_64 | 1.6.6-1 | OK | ||||
r-release-macos-arm64 | 1.6.6-1 | 103.00 | NOTE | |||
r-release-macos-x86_64 | 1.6.6-1 | 114.00 | NOTE | |||
r-release-windows-x86_64 | 1.6.6-1 | 14.00 | 66.00 | 80.00 | OK | |
r-oldrel-macos-arm64 | 1.6.6-1 | 74.00 | NOTE | |||
r-oldrel-macos-x86_64 | 1.6.6-1 | 96.00 | NOTE | |||
r-oldrel-windows-ix86+x86_64 | 1.6.6-1 | 22.00 | 63.00 | 85.00 | OK |
Version: 1.6.6-1
Check: installed package size
Result: NOTE
installed size is 7.6Mb
sub-directories of 1Mb or more:
libs 7.5Mb
Flavors: r-release-macos-arm64, r-release-macos-x86_64, r-oldrel-macos-arm64, r-oldrel-macos-x86_64