CRAN Package Check Results for Package ggspectra

Last updated on 2022-01-26 06:50:15 CET.

Flavor Version Tinstall Tcheck Ttotal Status Flags
r-devel-linux-x86_64-debian-clang 0.3.7 13.87 274.53 288.40 NOTE
r-devel-linux-x86_64-debian-gcc 0.3.7 11.39 195.32 206.71 NOTE
r-devel-linux-x86_64-fedora-clang 0.3.7 322.40 NOTE
r-devel-linux-x86_64-fedora-gcc 0.3.7 314.15 NOTE
r-devel-windows-x86_64-new-UL 0.3.7 213.00 343.00 556.00 NOTE
r-devel-windows-x86_64-new-TK 0.3.7 NOTE
r-patched-linux-x86_64 0.3.7 10.64 241.08 251.72 NOTE
r-release-linux-x86_64 0.3.7 8.57 243.44 252.01 NOTE
r-release-macos-arm64 0.3.7 NOTE
r-release-macos-x86_64 0.3.7 NOTE
r-release-windows-ix86+x86_64 0.3.7 27.00 289.00 316.00 NOTE
r-oldrel-macos-x86_64 0.3.7 NOTE
r-oldrel-windows-ix86+x86_64 0.3.7 26.00 306.00 332.00 OK

Check Details

Version: 0.3.7
Check: LazyData
Result: NOTE
     'LazyData' is specified without a 'data' directory
Flavors: r-devel-linux-x86_64-debian-clang, r-devel-linux-x86_64-debian-gcc, r-devel-linux-x86_64-fedora-clang, r-devel-linux-x86_64-fedora-gcc, r-devel-windows-x86_64-new-UL, r-devel-windows-x86_64-new-TK, r-patched-linux-x86_64, r-release-linux-x86_64, r-release-macos-arm64, r-release-macos-x86_64, r-release-windows-ix86+x86_64

Version: 0.3.7
Check: dependencies in R code
Result: NOTE
    Namespaces in Imports field not imported from:
     ‘dplyr’ ‘tibble’
     All declared Imports should be used.
Flavors: r-devel-linux-x86_64-fedora-clang, r-devel-linux-x86_64-fedora-gcc, r-devel-windows-x86_64-new-TK, r-release-macos-arm64, r-release-macos-x86_64, r-oldrel-macos-x86_64