Last updated on 2022-05-24 07:52:21 CEST.
Flavor | Version | Tinstall | Tcheck | Ttotal | Status | Flags |
---|---|---|---|---|---|---|
r-devel-linux-x86_64-debian-clang | 0.0.2 | 6.31 | 78.62 | 84.93 | NOTE | |
r-devel-linux-x86_64-debian-gcc | 0.0.2 | 5.39 | 59.16 | 64.55 | NOTE | |
r-devel-linux-x86_64-fedora-clang | 0.0.2 | 102.05 | NOTE | |||
r-devel-linux-x86_64-fedora-gcc | 0.0.2 | 99.69 | NOTE | |||
r-devel-windows-x86_64 | 0.0.2 | 32.00 | 115.00 | 147.00 | NOTE | |
r-patched-linux-x86_64 | 0.0.2 | 6.72 | 73.97 | 80.69 | NOTE | |
r-release-linux-x86_64 | 0.0.2 | NOTE | ||||
r-release-macos-arm64 | 0.0.2 | 29.00 | NOTE | |||
r-release-macos-x86_64 | 0.0.2 | 53.00 | NOTE | |||
r-release-windows-x86_64 | 0.0.2 | 39.00 | 112.00 | 151.00 | NOTE | |
r-oldrel-macos-arm64 | 0.0.2 | 35.00 | NOTE | |||
r-oldrel-macos-x86_64 | 0.0.2 | 49.00 | NOTE | |||
r-oldrel-windows-ix86+x86_64 | 0.0.2 | 18.00 | 105.00 | 123.00 | NOTE |
Version: 0.0.2
Check: LazyData
Result: NOTE
'LazyData' is specified without a 'data' directory
Flavors: r-devel-linux-x86_64-debian-clang, r-devel-linux-x86_64-debian-gcc, r-devel-linux-x86_64-fedora-clang, r-devel-linux-x86_64-fedora-gcc, r-devel-windows-x86_64, r-patched-linux-x86_64, r-release-linux-x86_64, r-release-macos-arm64, r-release-macos-x86_64, r-release-windows-x86_64, r-oldrel-macos-arm64, r-oldrel-macos-x86_64, r-oldrel-windows-ix86+x86_64
Version: 0.0.2
Check: Rd cross-references
Result: NOTE
Undeclared package ‘RColorBrewer’ in Rd xrefs
Flavor: r-devel-linux-x86_64-fedora-clang