CRAN Package Check Results for Package ggplotlyExtra

Last updated on 2022-05-26 06:55:41 CEST.

Flavor Version Tinstall Tcheck Ttotal Status Flags
r-devel-linux-x86_64-debian-clang 0.0.1 6.78 67.70 74.48 NOTE
r-devel-linux-x86_64-debian-gcc 0.0.1 5.85 56.99 62.84 NOTE
r-devel-linux-x86_64-fedora-clang 0.0.1 86.34 NOTE
r-devel-linux-x86_64-fedora-gcc 0.0.1 84.10 NOTE
r-devel-windows-x86_64 0.0.1 15.00 79.00 94.00 NOTE
r-patched-linux-x86_64 0.0.1 8.34 63.80 72.14 NOTE
r-release-linux-x86_64 0.0.1 NOTE
r-release-macos-arm64 0.0.1 26.00 NOTE
r-release-macos-x86_64 0.0.1 42.00 NOTE
r-release-windows-x86_64 0.0.1 18.00 82.00 100.00 NOTE
r-oldrel-macos-arm64 0.0.1 33.00 NOTE
r-oldrel-macos-x86_64 0.0.1 39.00 NOTE
r-oldrel-windows-ix86+x86_64 0.0.1 17.00 79.00 96.00 NOTE

Check Details

Version: 0.0.1
Check: LazyData
Result: NOTE
     'LazyData' is specified without a 'data' directory
Flavors: r-devel-linux-x86_64-debian-clang, r-devel-linux-x86_64-debian-gcc, r-devel-linux-x86_64-fedora-clang, r-devel-linux-x86_64-fedora-gcc, r-devel-windows-x86_64, r-patched-linux-x86_64, r-release-linux-x86_64, r-release-macos-arm64, r-release-macos-x86_64, r-release-windows-x86_64, r-oldrel-macos-arm64, r-oldrel-macos-x86_64, r-oldrel-windows-ix86+x86_64