Last updated on 2022-07-06 07:48:59 CEST.
Flavor | Version | Tinstall | Tcheck | Ttotal | Status | Flags |
---|---|---|---|---|---|---|
r-devel-linux-x86_64-debian-clang | 0.1.0 | 5.63 | 64.90 | 70.53 | OK | |
r-devel-linux-x86_64-debian-gcc | 0.1.0 | 3.83 | 48.00 | 51.83 | OK | |
r-devel-linux-x86_64-fedora-clang | 0.1.0 | 98.53 | NOTE | |||
r-devel-linux-x86_64-fedora-gcc | 0.1.0 | 95.40 | NOTE | |||
r-devel-windows-x86_64 | 0.1.0 | 19.00 | 93.00 | 112.00 | OK | |
r-patched-linux-x86_64 | 0.1.0 | 5.09 | 62.06 | 67.15 | OK | |
r-release-linux-x86_64 | 0.1.0 | 5.41 | 61.40 | 66.81 | OK | |
r-release-macos-arm64 | 0.1.0 | 27.00 | OK | |||
r-release-macos-x86_64 | 0.1.0 | 41.00 | OK | |||
r-release-windows-x86_64 | 0.1.0 | 11.00 | 93.00 | 104.00 | OK | |
r-oldrel-macos-arm64 | 0.1.0 | 47.00 | OK | |||
r-oldrel-macos-x86_64 | 0.1.0 | 37.00 | OK | |||
r-oldrel-windows-ix86+x86_64 | 0.1.0 | 15.00 | 84.00 | 99.00 | OK |
Version: 0.1.0
Check: package subdirectories
Result: NOTE
Problems with news in ‘NEWS.md’:
Cannot extract version info from the following section titles:
History
Flavors: r-devel-linux-x86_64-fedora-clang, r-devel-linux-x86_64-fedora-gcc