Last updated on 2022-05-18 06:50:42 CEST.
Flavor | Version | Tinstall | Tcheck | Ttotal | Status | Flags |
---|---|---|---|---|---|---|
r-devel-linux-x86_64-debian-clang | 1.0.0 | 14.11 | 275.67 | 289.78 | NOTE | |
r-devel-linux-x86_64-debian-gcc | 1.0.0 | 9.17 | 190.83 | 200.00 | NOTE | |
r-devel-linux-x86_64-fedora-clang | 1.0.0 | 309.66 | NOTE | |||
r-devel-linux-x86_64-fedora-gcc | 1.0.0 | 306.80 | NOTE | |||
r-devel-windows-x86_64 | 1.0.0 | 31.00 | 267.00 | 298.00 | NOTE | |
r-patched-linux-x86_64 | 1.0.0 | 14.70 | 243.34 | 258.04 | NOTE | |
r-release-linux-x86_64 | 1.0.0 | 13.11 | 244.46 | 257.57 | NOTE | |
r-release-macos-arm64 | 1.0.0 | 102.00 | NOTE | |||
r-release-macos-x86_64 | 1.0.0 | 191.00 | NOTE | |||
r-release-windows-x86_64 | 1.0.0 | 30.00 | 269.00 | 299.00 | NOTE | |
r-oldrel-macos-arm64 | 1.0.0 | 150.00 | NOTE | |||
r-oldrel-macos-x86_64 | 1.0.0 | 158.00 | NOTE | |||
r-oldrel-windows-ix86+x86_64 | 1.0.0 | 30.00 | 283.00 | 313.00 | NOTE |
Version: 1.0.0
Check: LazyData
Result: NOTE
'LazyData' is specified without a 'data' directory
Flavors: r-devel-linux-x86_64-debian-clang, r-devel-linux-x86_64-debian-gcc, r-devel-linux-x86_64-fedora-clang, r-devel-linux-x86_64-fedora-gcc, r-devel-windows-x86_64, r-patched-linux-x86_64, r-release-linux-x86_64, r-release-macos-arm64, r-release-macos-x86_64, r-release-windows-x86_64, r-oldrel-macos-arm64, r-oldrel-macos-x86_64, r-oldrel-windows-ix86+x86_64
Version: 1.0.0
Check: dependencies in R code
Result: NOTE
Namespace in Imports field not imported from: ‘survival’
All declared Imports should be used.
Flavors: r-devel-linux-x86_64-fedora-clang, r-devel-linux-x86_64-fedora-gcc, r-release-macos-arm64, r-release-macos-x86_64, r-oldrel-macos-arm64, r-oldrel-macos-x86_64