CRAN Package Check Results for Package ggiraphExtra

Last updated on 2022-01-18 06:52:47 CET.

Flavor Version Tinstall Tcheck Ttotal Status Flags
r-devel-linux-x86_64-debian-clang 0.3.0 15.01 214.42 229.43 OK
r-devel-linux-x86_64-debian-gcc 0.3.0 15.29 156.24 171.53 OK
r-devel-linux-x86_64-fedora-clang 0.3.0 266.38 OK
r-devel-linux-x86_64-fedora-gcc 0.3.0 250.53 OK
r-devel-windows-x86_64-new-UL 0.3.0 141.00 237.00 378.00 OK
r-devel-windows-x86_64-new-TK 0.3.0 OK
r-patched-linux-x86_64 0.3.0 15.96 199.83 215.79 OK
r-release-linux-x86_64 0.3.0 OK
r-release-macos-arm64 0.3.0 OK
r-release-macos-x86_64 0.3.0 WARN
r-release-windows-ix86+x86_64 0.3.0 33.00 230.00 263.00 OK
r-oldrel-macos-x86_64 0.3.0 WARN
r-oldrel-windows-ix86+x86_64 0.3.0 38.00 232.00 270.00 OK

Check Details

Version: 0.3.0
Check: re-building of vignette outputs
Result: WARN
    Error(s) in re-building vignettes:
    --- re-building ‘ggPredict.Rmd’ using rmarkdown
    Warning in engine$weave(file, quiet = quiet, encoding = enc) :
     Pandoc (>= 1.12.3) not available. Falling back to R Markdown v1.
    Loading required package: ggplot2
    `geom_smooth()` using formula 'y ~ x'
    Loading required package: ggiraph
    Loading required package: ggiraphExtra
    
    Attaching package: 'ggiraphExtra'
    
    The following objects are masked from 'package:moonBook':
    
     addLabelDf, getMapping
    
    Loading required package: plyr
    PhantomJS not found. You can install it with webshot::install_phantomjs(). If it is installed, please make sure the phantomjs executable can be found via the PATH variable.
    PhantomJS not found. You can install it with webshot::install_phantomjs(). If it is installed, please make sure the phantomjs executable can be found via the PATH variable.
    Quitting from lines 45-49 (ggPredict.Rmd)
    Error: processing vignette 'ggPredict.Rmd' failed with diagnostics:
    invalid 'path' argument
    --- failed re-building ‘ggPredict.Rmd’
    
    --- re-building ‘introduction.Rmd’ using rmarkdown
    Warning in engine$weave(file, quiet = quiet, encoding = enc) :
     Pandoc (>= 1.12.3) not available. Falling back to R Markdown v1.
    Loading required package: ggplot2
    Loading required package: ggiraph
    Loading required package: ggiraphExtra
    PhantomJS not found. You can install it with webshot::install_phantomjs(). If it is installed, please make sure the phantomjs executable can be found via the PATH variable.
    PhantomJS not found. You can install it with webshot::install_phantomjs(). If it is installed, please make sure the phantomjs executable can be found via the PATH variable.
    Quitting from lines 28-33 (introduction.Rmd)
    Error: processing vignette 'introduction.Rmd' failed with diagnostics:
    invalid 'path' argument
    --- failed re-building ‘introduction.Rmd’
    
    SUMMARY: processing the following files failed:
     ‘ggPredict.Rmd’ ‘introduction.Rmd’
    
    Error: Vignette re-building failed.
    Execution halted
Flavor: r-release-macos-x86_64

Version: 0.3.0
Check: re-building of vignette outputs
Result: WARN
    Error(s) in re-building vignettes:
    --- re-building ‘ggPredict.Rmd’ using rmarkdown
    Warning in engine$weave(file, quiet = quiet, encoding = enc) :
     Pandoc (>= 1.12.3) and/or pandoc-citeproc not available. Falling back to R Markdown v1.
    Loading required package: ggplot2
    `geom_smooth()` using formula 'y ~ x'
    Loading required package: ggiraph
    Loading required package: ggiraphExtra
    
    Attaching package: 'ggiraphExtra'
    
    The following objects are masked from 'package:moonBook':
    
     addLabelDf, getMapping
    
    Loading required package: plyr
    PhantomJS not found. You can install it with webshot::install_phantomjs(). If it is installed, please make sure the phantomjs executable can be found via the PATH variable.
    Quitting from lines 45-49 (ggPredict.Rmd)
    Error: processing vignette 'ggPredict.Rmd' failed with diagnostics:
    cannot open the connection
    --- failed re-building ‘ggPredict.Rmd’
    
    --- re-building ‘introduction.Rmd’ using rmarkdown
    Warning in engine$weave(file, quiet = quiet, encoding = enc) :
     Pandoc (>= 1.12.3) and/or pandoc-citeproc not available. Falling back to R Markdown v1.
    Loading required package: ggplot2
    Loading required package: ggiraph
    Loading required package: ggiraphExtra
    PhantomJS not found. You can install it with webshot::install_phantomjs(). If it is installed, please make sure the phantomjs executable can be found via the PATH variable.
    Warning in normalizePath(f2) :
     path[1]="webshotf75d53bfa25a.png": No such file or directory
    Warning in file(con, "rb") :
     cannot open file 'webshotf75d53bfa25a.png': No such file or directory
    Quitting from lines 28-33 (introduction.Rmd)
    Error: processing vignette 'introduction.Rmd' failed with diagnostics:
    cannot open the connection
    --- failed re-building ‘introduction.Rmd’
    
    SUMMARY: processing the following files failed:
     ‘ggPredict.Rmd’ ‘introduction.Rmd’
    
    Error: Vignette re-building failed.
    Execution halted
Flavor: r-oldrel-macos-x86_64