Last updated on 2022-05-21 07:55:24 CEST.
Flavor | Version | Tinstall | Tcheck | Ttotal | Status | Flags |
---|---|---|---|---|---|---|
r-devel-linux-x86_64-debian-clang | 0.8.2 | 137.81 | 205.97 | 343.78 | OK | |
r-devel-linux-x86_64-debian-gcc | 0.8.2 | 105.09 | 155.10 | 260.19 | OK | |
r-devel-linux-x86_64-fedora-clang | 0.8.2 | 442.02 | OK | |||
r-devel-linux-x86_64-fedora-gcc | 0.8.2 | 400.46 | OK | |||
r-devel-windows-x86_64 | 0.8.2 | 230.00 | 259.00 | 489.00 | OK | |
r-patched-linux-x86_64 | 0.8.2 | 109.41 | 191.99 | 301.40 | OK | |
r-release-linux-x86_64 | 0.8.2 | 110.94 | 193.47 | 304.41 | OK | |
r-release-macos-arm64 | 0.8.2 | 111.00 | NOTE | |||
r-release-macos-x86_64 | 0.8.2 | 229.00 | NOTE | |||
r-release-windows-x86_64 | 0.8.2 | 269.00 | 268.00 | 537.00 | OK | |
r-oldrel-macos-arm64 | 0.8.2 | 84.00 | NOTE | |||
r-oldrel-macos-x86_64 | 0.8.2 | 161.00 | NOTE | |||
r-oldrel-windows-ix86+x86_64 | 0.8.2 | 333.00 | 359.00 | 692.00 | OK |
Version: 0.8.2
Check: installed package size
Result: NOTE
installed size is 6.8Mb
sub-directories of 1Mb or more:
libs 5.0Mb
Flavors: r-release-macos-arm64, r-release-macos-x86_64, r-oldrel-macos-arm64, r-oldrel-macos-x86_64