CRAN Package Check Results for Package ggfocus

Last updated on 2022-01-23 07:14:00 CET.

Flavor Version Tinstall Tcheck Ttotal Status Flags
r-devel-linux-x86_64-debian-clang 1.0.0 5.15 74.96 80.11 NOTE
r-devel-linux-x86_64-debian-gcc 1.0.0 4.58 61.86 66.44 NOTE
r-devel-linux-x86_64-fedora-clang 1.0.0 95.32 NOTE
r-devel-linux-x86_64-fedora-gcc 1.0.0 80.17 NOTE
r-devel-windows-x86_64-new-UL 1.0.0 22.00 96.00 118.00 NOTE
r-devel-windows-x86_64-new-TK 1.0.0 NOTE
r-patched-linux-x86_64 1.0.0 4.67 66.29 70.96 NOTE
r-release-linux-x86_64 1.0.0 4.72 65.34 70.06 NOTE
r-release-macos-arm64 1.0.0 NOTE
r-release-macos-x86_64 1.0.0 NOTE
r-release-windows-ix86+x86_64 1.0.0 14.00 84.00 98.00 NOTE
r-oldrel-macos-x86_64 1.0.0 OK
r-oldrel-windows-ix86+x86_64 1.0.0 13.00 83.00 96.00 OK

Check Details

Version: 1.0.0
Check: LazyData
Result: NOTE
     'LazyData' is specified without a 'data' directory
Flavors: r-devel-linux-x86_64-debian-clang, r-devel-linux-x86_64-debian-gcc, r-devel-linux-x86_64-fedora-clang, r-devel-linux-x86_64-fedora-gcc, r-devel-windows-x86_64-new-UL, r-devel-windows-x86_64-new-TK, r-patched-linux-x86_64, r-release-linux-x86_64, r-release-macos-arm64, r-release-macos-x86_64, r-release-windows-ix86+x86_64