CRAN Package Check Results for Package ggcorrplot

Last updated on 2022-05-17 07:53:06 CEST.

Flavor Version Tinstall Tcheck Ttotal Status Flags
r-devel-linux-x86_64-debian-clang 0.1.3 5.44 64.08 69.52 NOTE
r-devel-linux-x86_64-debian-gcc 0.1.3 3.93 48.07 52.00 NOTE
r-devel-linux-x86_64-fedora-clang 0.1.3 81.14 NOTE
r-devel-linux-x86_64-fedora-gcc 0.1.3 79.88 NOTE
r-devel-windows-x86_64 0.1.3 14.00 78.00 92.00 NOTE
r-patched-linux-x86_64 0.1.3 4.49 59.64 64.13 NOTE
r-release-linux-x86_64 0.1.3 5.10 58.92 64.02 NOTE
r-release-macos-arm64 0.1.3 23.00 NOTE
r-release-macos-x86_64 0.1.3 44.00 NOTE
r-release-windows-x86_64 0.1.3 15.00 78.00 93.00 NOTE
r-oldrel-macos-arm64 0.1.3 28.00 NOTE
r-oldrel-macos-x86_64 0.1.3 49.00 NOTE
r-oldrel-windows-ix86+x86_64 0.1.3 15.00 73.00 88.00 NOTE

Check Details

Version: 0.1.3
Check: LazyData
Result: NOTE
     'LazyData' is specified without a 'data' directory
Flavors: r-devel-linux-x86_64-debian-clang, r-devel-linux-x86_64-debian-gcc, r-devel-linux-x86_64-fedora-clang, r-devel-linux-x86_64-fedora-gcc, r-devel-windows-x86_64, r-patched-linux-x86_64, r-release-linux-x86_64, r-release-macos-arm64, r-release-macos-x86_64, r-release-windows-x86_64, r-oldrel-macos-arm64, r-oldrel-macos-x86_64, r-oldrel-windows-ix86+x86_64