CRAN Package Check Results for Package ggbreak

Last updated on 2022-01-20 06:49:20 CET.

Flavor Version Tinstall Tcheck Ttotal Status Flags
r-devel-linux-x86_64-debian-clang 0.0.8 OK
r-devel-linux-x86_64-debian-gcc 0.0.8 4.37 69.81 74.18 OK
r-devel-linux-x86_64-fedora-clang 0.0.8 121.51 OK
r-devel-linux-x86_64-fedora-gcc 0.0.8 104.34 OK
r-devel-windows-x86_64-new-UL 0.0.8 31.00 115.00 146.00 OK
r-devel-windows-x86_64-new-TK 0.0.8 OK
r-patched-linux-x86_64 0.0.8 4.73 86.28 91.01 OK
r-release-linux-x86_64 0.0.8 OK
r-release-macos-arm64 0.0.8 OK
r-release-macos-x86_64 0.0.8 OK
r-release-windows-ix86+x86_64 0.0.8 18.00 107.00 125.00 OK
r-oldrel-macos-x86_64 0.0.7 ERROR
r-oldrel-windows-ix86+x86_64 0.0.8 15.00 107.00 122.00 OK

Check Details

Version: 0.0.7
Check: package dependencies
Result: ERROR
    Package required and available but unsuitable version: ‘aplot’
    
    See section ‘The DESCRIPTION file’ in the ‘Writing R Extensions’
    manual.
Flavor: r-oldrel-macos-x86_64