CRAN Package Check Results for Package ggalt

Last updated on 2022-05-23 06:49:47 CEST.

Flavor Version Tinstall Tcheck Ttotal Status Flags
r-devel-linux-x86_64-debian-clang 0.4.0 9.34 135.32 144.66 NOTE
r-devel-linux-x86_64-debian-gcc 0.4.0 8.05 97.26 105.31 NOTE
r-devel-linux-x86_64-fedora-clang 0.4.0 166.47 NOTE
r-devel-linux-x86_64-fedora-gcc 0.4.0 163.41 NOTE
r-devel-windows-x86_64 0.4.0 31.00 162.00 193.00 NOTE
r-patched-linux-x86_64 0.4.0 15.97 124.09 140.06 NOTE
r-release-linux-x86_64 0.4.0 NOTE
r-release-macos-arm64 0.4.0 55.00 NOTE
r-release-macos-x86_64 0.4.0 88.00 NOTE
r-release-windows-x86_64 0.4.0 30.00 160.00 190.00 NOTE
r-oldrel-macos-arm64 0.4.0 83.00 NOTE
r-oldrel-macos-x86_64 0.4.0 75.00 NOTE
r-oldrel-windows-ix86+x86_64 0.4.0 23.00 160.00 183.00 NOTE

Check Details

Version: 0.4.0
Check: LazyData
Result: NOTE
     'LazyData' is specified without a 'data' directory
Flavors: r-devel-linux-x86_64-debian-clang, r-devel-linux-x86_64-debian-gcc, r-devel-linux-x86_64-fedora-clang, r-devel-linux-x86_64-fedora-gcc, r-devel-windows-x86_64, r-patched-linux-x86_64, r-release-linux-x86_64, r-release-macos-arm64, r-release-macos-x86_64, r-release-windows-x86_64, r-oldrel-macos-arm64, r-oldrel-macos-x86_64, r-oldrel-windows-ix86+x86_64

Version: 0.4.0
Check: dependencies in R code
Result: NOTE
    Namespace in Imports field not imported from: ‘plotly’
     All declared Imports should be used.
Flavors: r-devel-linux-x86_64-fedora-clang, r-devel-linux-x86_64-fedora-gcc, r-release-macos-arm64, r-release-macos-x86_64, r-oldrel-macos-arm64, r-oldrel-macos-x86_64