CRAN Package Check Results for Package ggPMX

Last updated on 2022-05-27 07:50:05 CEST.

Flavor Version Tinstall Tcheck Ttotal Status Flags
r-devel-linux-x86_64-debian-clang 1.2.6 20.33 405.44 425.77 OK
r-devel-linux-x86_64-debian-gcc 1.2.6 14.74 287.92 302.66 OK
r-devel-linux-x86_64-fedora-clang 1.2.6 432.27 NOTE
r-devel-linux-x86_64-fedora-gcc 1.2.6 402.78 OK
r-devel-windows-x86_64 1.2.6 110.00 397.00 507.00 NOTE
r-patched-linux-x86_64 1.2.6 22.33 340.19 362.52 OK
r-release-linux-x86_64 1.2.6 19.68 332.33 352.01 OK
r-release-macos-arm64 1.2.6 100.00 NOTE
r-release-macos-x86_64 1.2.6 195.00 NOTE
r-release-windows-x86_64 1.2.6 152.00 408.00 560.00 NOTE
r-oldrel-macos-arm64 1.2.6 97.00 NOTE
r-oldrel-macos-x86_64 1.2.6 127.00 NOTE
r-oldrel-windows-ix86+x86_64 1.2.6 38.00 386.00 424.00 NOTE

Check Details

Version: 1.2.6
Check: installed package size
Result: NOTE
     installed size is 8.7Mb
     sub-directories of 1Mb or more:
     doc 1.1Mb
     help 2.1Mb
     testdata 4.8Mb
Flavors: r-devel-linux-x86_64-fedora-clang, r-devel-windows-x86_64, r-release-macos-arm64, r-release-macos-x86_64, r-release-windows-x86_64, r-oldrel-macos-arm64, r-oldrel-macos-x86_64, r-oldrel-windows-ix86+x86_64