CRAN Package Check Results for Package getLattes

Last updated on 2022-05-16 06:52:25 CEST.

Flavor Version Tinstall Tcheck Ttotal Status Flags
r-devel-linux-x86_64-debian-clang 0.2.0 7.87 100.89 108.76 OK
r-devel-linux-x86_64-debian-gcc 0.2.0 5.59 76.14 81.73 OK
r-devel-linux-x86_64-fedora-clang 0.2.0 127.95 NOTE
r-devel-linux-x86_64-fedora-gcc 0.2.0 123.22 NOTE
r-devel-windows-x86_64 0.2.0 29.00 123.00 152.00 OK
r-patched-linux-x86_64 0.2.0 6.50 94.86 101.36 OK
r-release-linux-x86_64 0.2.0 7.69 94.25 101.94 OK
r-release-macos-arm64 0.2.0 34.00 NOTE
r-release-macos-x86_64 0.2.0 73.00 NOTE
r-release-windows-x86_64 0.2.0 43.00 120.00 163.00 OK
r-oldrel-macos-arm64 0.2.0 35.00 NOTE
r-oldrel-macos-x86_64 0.2.0 50.00 NOTE
r-oldrel-windows-ix86+x86_64 0.2.0 18.00 124.00 142.00 OK

Check Details

Version: 0.2.0
Check: dependencies in R code
Result: NOTE
    Namespaces in Imports field not imported from:
     ‘pipeR’ ‘rlang’
     All declared Imports should be used.
Flavors: r-devel-linux-x86_64-fedora-clang, r-devel-linux-x86_64-fedora-gcc, r-release-macos-arm64, r-release-macos-x86_64, r-oldrel-macos-arm64, r-oldrel-macos-x86_64