CRAN Package Check Results for Package gestalt

Last updated on 2022-01-29 06:49:35 CET.

Flavor Version Tinstall Tcheck Ttotal Status Flags
r-devel-linux-x86_64-debian-clang 0.1.8 3.33 65.22 68.55 ERROR
r-devel-linux-x86_64-debian-gcc 0.1.8 3.13 49.90 53.03 ERROR
r-devel-linux-x86_64-fedora-clang 0.1.8 76.95 ERROR
r-devel-linux-x86_64-fedora-gcc 0.1.8 72.33 ERROR
r-devel-windows-x86_64-new-UL 0.1.8 53.00 89.00 142.00 ERROR
r-devel-windows-x86_64-new-TK 0.1.8 OK
r-patched-linux-x86_64 0.1.8 3.04 44.87 47.91 OK
r-release-linux-x86_64 0.1.8 3.38 45.47 48.85 OK
r-release-macos-arm64 0.1.8 OK
r-release-macos-x86_64 0.1.8 OK
r-release-windows-ix86+x86_64 0.1.8 7.00 57.00 64.00 OK
r-oldrel-macos-x86_64 0.1.8 OK
r-oldrel-windows-ix86+x86_64 0.1.8 6.00 56.00 62.00 OK

Check Details

Version: 0.1.8
Check: tests
Result: ERROR
     Running 'testthat.R' [20s/25s]
    Running the tests in 'tests/testthat.R' failed.
    Complete output:
     > library(testthat)
     > library(gestalt)
     >
     > test_check("gestalt")
     [ FAIL 1 | WARN 0 | SKIP 0 | PASS 1043 ]
    
     == Failed tests ================================================================
     -- Error (test-functions.R:65:3): body can be a closure ------------------------
     Error: Body must be an expression or closure
     Backtrace:
     x
     1. +-testthat::expect_equal(foo, fn(x ~ function(y) x + y)) at test-functions.R:65:2
     2. | \-testthat::quasi_label(enquo(expected), expected.label, arg = "expected")
     3. | \-rlang::eval_bare(expr, quo_get_env(quo))
     4. \-gestalt::fn(x ~ function(y) x + y)
     5. \-gestalt make_fn(fun$args, fun$body, ..env)
     6. \-is_expression(body) %because% ...
    
     [ FAIL 1 | WARN 0 | SKIP 0 | PASS 1043 ]
     Error: Test failures
     Execution halted
Flavor: r-devel-linux-x86_64-debian-clang

Version: 0.1.8
Check: tests
Result: ERROR
     Running ‘testthat.R’ [14s/23s]
    Running the tests in ‘tests/testthat.R’ failed.
    Complete output:
     > library(testthat)
     > library(gestalt)
     >
     > test_check("gestalt")
     [ FAIL 1 | WARN 0 | SKIP 0 | PASS 1043 ]
    
     ══ Failed tests ════════════════════════════════════════════════════════════════
     ── Error (test-functions.R:65:3): body can be a closure ────────────────────────
     Error: Body must be an expression or closure
     Backtrace:
     ▆
     1. ├─testthat::expect_equal(foo, fn(x ~ function(y) x + y)) at test-functions.R:65:2
     2. │ └─testthat::quasi_label(enquo(expected), expected.label, arg = "expected")
     3. │ └─rlang::eval_bare(expr, quo_get_env(quo))
     4. └─gestalt::fn(x ~ function(y) x + y)
     5. └─gestalt make_fn(fun$args, fun$body, ..env)
     6. └─is_expression(body) %because% ...
    
     [ FAIL 1 | WARN 0 | SKIP 0 | PASS 1043 ]
     Error: Test failures
     Execution halted
Flavor: r-devel-linux-x86_64-debian-gcc

Version: 0.1.8
Check: tests
Result: ERROR
     Running ‘testthat.R’ [19s/20s]
    Running the tests in ‘tests/testthat.R’ failed.
    Complete output:
     > library(testthat)
     > library(gestalt)
     >
     > test_check("gestalt")
     [ FAIL 1 | WARN 0 | SKIP 0 | PASS 1043 ]
    
     ══ Failed tests ════════════════════════════════════════════════════════════════
     ── Error (test-functions.R:65:3): body can be a closure ────────────────────────
     Error: Body must be an expression or closure
     Backtrace:
     ▆
     1. ├─testthat::expect_equal(foo, fn(x ~ function(y) x + y)) at test-functions.R:65:2
     2. │ └─testthat::quasi_label(enquo(expected), expected.label, arg = "expected")
     3. │ └─rlang::eval_bare(expr, quo_get_env(quo))
     4. └─gestalt::fn(x ~ function(y) x + y)
     5. └─gestalt make_fn(fun$args, fun$body, ..env)
     6. └─is_expression(body) %because% ...
    
     [ FAIL 1 | WARN 0 | SKIP 0 | PASS 1043 ]
     Error: Test failures
     Execution halted
Flavor: r-devel-linux-x86_64-fedora-clang

Version: 0.1.8
Check: tests
Result: ERROR
     Running ‘testthat.R’ [22s/24s]
    Running the tests in ‘tests/testthat.R’ failed.
    Complete output:
     > library(testthat)
     > library(gestalt)
     >
     > test_check("gestalt")
     [ FAIL 1 | WARN 0 | SKIP 0 | PASS 1043 ]
    
     ══ Failed tests ════════════════════════════════════════════════════════════════
     ── Error (test-functions.R:65:3): body can be a closure ────────────────────────
     Error: Body must be an expression or closure
     Backtrace:
     ▆
     1. ├─testthat::expect_equal(foo, fn(x ~ function(y) x + y)) at test-functions.R:65:2
     2. │ └─testthat::quasi_label(enquo(expected), expected.label, arg = "expected")
     3. │ └─rlang::eval_bare(expr, quo_get_env(quo))
     4. └─gestalt::fn(x ~ function(y) x + y)
     5. └─gestalt make_fn(fun$args, fun$body, ..env)
     6. └─is_expression(body) %because% ...
    
     [ FAIL 1 | WARN 0 | SKIP 0 | PASS 1043 ]
     Error: Test failures
     Execution halted
Flavor: r-devel-linux-x86_64-fedora-gcc

Version: 0.1.8
Check: tests
Result: ERROR
     Running 'testthat.R' [19s]
    Running the tests in 'tests/testthat.R' failed.
    Complete output:
     > library(testthat)
     > library(gestalt)
     >
     > test_check("gestalt")
     [ FAIL 1 | WARN 0 | SKIP 0 | PASS 1043 ]
    
     ══ Failed tests ════════════════════════════════════════════════════════════════
     ── Error (test-functions.R:65:3): body can be a closure ────────────────────────
     Error: Body must be an expression or closure
     Backtrace:
     ▆
     1. ├─testthat::expect_equal(foo, fn(x ~ function(y) x + y)) at test-functions.R:65:2
     2. │ └─testthat::quasi_label(enquo(expected), expected.label, arg = "expected")
     3. │ └─rlang::eval_bare(expr, quo_get_env(quo))
     4. └─gestalt::fn(x ~ function(y) x + y)
     5. └─gestalt make_fn(fun$args, fun$body, ..env)
     6. └─is_expression(body) %because% ...
    
     [ FAIL 1 | WARN 0 | SKIP 0 | PASS 1043 ]
     Error: Test failures
     Execution halted
Flavor: r-devel-windows-x86_64-new-UL