CRAN Package Check Results for Package gepaf

Last updated on 2022-07-03 07:51:54 CEST.

Flavor Version Tinstall Tcheck Ttotal Status Flags
r-devel-linux-x86_64-debian-clang 0.1.1 1.26 20.13 21.39 NOTE
r-devel-linux-x86_64-debian-gcc 0.1.1 1.21 16.12 17.33 NOTE
r-devel-linux-x86_64-fedora-clang 0.1.1 37.74 NOTE
r-devel-linux-x86_64-fedora-gcc 0.1.1 37.25 NOTE
r-devel-windows-x86_64 0.1.1 7.00 44.00 51.00 NOTE
r-patched-linux-x86_64 0.1.1 1.73 19.50 21.23 NOTE
r-release-linux-x86_64 0.1.1 1.94 20.17 22.11 NOTE
r-release-macos-arm64 0.1.1 13.00 NOTE
r-release-macos-x86_64 0.1.1 18.00 NOTE
r-release-windows-x86_64 0.1.1 6.00 44.00 50.00 NOTE
r-oldrel-macos-arm64 0.1.1 17.00 NOTE
r-oldrel-macos-x86_64 0.1.1 24.00 NOTE
r-oldrel-windows-ix86+x86_64 0.1.1 4.00 26.00 30.00 NOTE

Check Details

Version: 0.1.1
Check: LazyData
Result: NOTE
     'LazyData' is specified without a 'data' directory
Flavors: r-devel-linux-x86_64-debian-clang, r-devel-linux-x86_64-debian-gcc, r-devel-linux-x86_64-fedora-clang, r-devel-linux-x86_64-fedora-gcc, r-devel-windows-x86_64, r-patched-linux-x86_64, r-release-linux-x86_64, r-release-macos-arm64, r-release-macos-x86_64, r-release-windows-x86_64, r-oldrel-macos-arm64, r-oldrel-macos-x86_64, r-oldrel-windows-ix86+x86_64