CRAN Package Check Results for Package geometa

Last updated on 2022-07-02 07:06:59 CEST.

Flavor Version Tinstall Tcheck Ttotal Status Flags
r-devel-linux-x86_64-debian-clang 0.6-6 243.76 326.21 569.97 OK
r-devel-linux-x86_64-debian-gcc 0.6-6 200.72 237.68 438.40 OK
r-devel-linux-x86_64-fedora-clang 0.6-6 703.43 NOTE
r-devel-linux-x86_64-fedora-gcc 0.6-6 728.33 OK
r-devel-windows-x86_64 0.6-6 475.00 452.00 927.00 NOTE
r-patched-linux-x86_64 0.6-6 230.98 311.33 542.31 OK
r-release-linux-x86_64 0.6-6 233.69 308.21 541.90 OK
r-release-macos-arm64 0.6-6 209.00 NOTE
r-release-macos-x86_64 0.6-6 283.00 NOTE
r-release-windows-x86_64 0.6-6 571.00 443.00 1014.00 NOTE
r-oldrel-macos-arm64 0.6-6 201.00 NOTE
r-oldrel-macos-x86_64 0.6-6 272.00 NOTE
r-oldrel-windows-ix86+x86_64 0.6-6 383.00 434.00 817.00 NOTE

Check Details

Version: 0.6-6
Check: installed package size
Result: NOTE
     installed size is 11.7Mb
     sub-directories of 1Mb or more:
     R 9.0Mb
     extdata 1.7Mb
Flavors: r-devel-linux-x86_64-fedora-clang, r-devel-windows-x86_64, r-release-macos-arm64, r-release-macos-x86_64, r-release-windows-x86_64, r-oldrel-macos-arm64, r-oldrel-macos-x86_64, r-oldrel-windows-ix86+x86_64