Last updated on 2022-08-17 06:51:17 CEST.
Flavor | Version | Tinstall | Tcheck | Ttotal | Status | Flags |
---|---|---|---|---|---|---|
r-devel-linux-x86_64-debian-clang | 2.0.3 | 93.23 | 35.70 | 128.93 | OK | |
r-devel-linux-x86_64-debian-gcc | 2.0.3 | OK | ||||
r-devel-linux-x86_64-fedora-clang | 2.0.3 | 189.94 | OK | |||
r-devel-linux-x86_64-fedora-gcc | 2.0.3 | 180.55 | OK | |||
r-devel-windows-x86_64 | 2.0.3 | 109.00 | 89.00 | 198.00 | OK | |
r-patched-linux-x86_64 | 2.0.3 | 79.01 | 34.35 | 113.36 | OK | |
r-release-linux-x86_64 | 2.0.3 | 80.01 | 35.23 | 115.24 | OK | |
r-release-macos-arm64 | 2.0.3 | 48.00 | NOTE | |||
r-release-macos-x86_64 | 2.0.3 | 63.00 | NOTE | |||
r-release-windows-x86_64 | 2.0.3 | 138.00 | 89.00 | 227.00 | OK | |
r-oldrel-macos-arm64 | 2.0.3 | 45.00 | NOTE | |||
r-oldrel-macos-x86_64 | 2.0.3 | 60.00 | NOTE | |||
r-oldrel-windows-ix86+x86_64 | 2.0.3 | 209.00 | 92.00 | 301.00 | OK |
Version: 2.0.3
Check: installed package size
Result: NOTE
installed size is 6.6Mb
sub-directories of 1Mb or more:
help 1.3Mb
libs 4.5Mb
Flavors: r-release-macos-arm64, r-release-macos-x86_64, r-oldrel-macos-arm64, r-oldrel-macos-x86_64