CRAN Package Check Results for Package geodiv

Last updated on 2022-05-21 07:55:24 CEST.

Flavor Version Tinstall Tcheck Ttotal Status Flags
r-devel-linux-x86_64-debian-clang 1.0.5 61.35 805.49 866.84 OK
r-devel-linux-x86_64-debian-gcc 1.0.5 46.34 555.09 601.43 OK
r-devel-linux-x86_64-fedora-clang 1.0.5 969.08 NOTE
r-devel-linux-x86_64-fedora-gcc 1.0.5 1030.09 NOTE
r-devel-windows-x86_64 1.0.5 75.00 903.00 978.00 OK
r-patched-linux-x86_64 1.0.5 52.16 736.84 789.00 OK
r-release-linux-x86_64 1.0.5 54.51 721.98 776.49 OK
r-release-macos-arm64 1.0.5 400.00 NOTE
r-release-macos-x86_64 1.0.5 538.00 NOTE
r-release-windows-x86_64 1.0.5 64.00 906.00 970.00 OK
r-oldrel-macos-arm64 1.0.5 405.00 NOTE
r-oldrel-macos-x86_64 1.0.5 519.00 NOTE
r-oldrel-windows-ix86+x86_64 1.0.5 139.00 1089.00 1228.00 OK

Check Details

Version: 1.0.5
Check: dependencies in R code
Result: NOTE
    Namespaces in Imports field not imported from:
     ‘phonTools’ ‘rgdal’ ‘rgeos’
     All declared Imports should be used.
Flavors: r-devel-linux-x86_64-fedora-clang, r-devel-linux-x86_64-fedora-gcc, r-release-macos-arm64, r-release-macos-x86_64, r-oldrel-macos-arm64, r-oldrel-macos-x86_64