CRAN Package Check Results for Package geodimension

Last updated on 2022-01-21 08:52:02 CET.

Flavor Version Tinstall Tcheck Ttotal Status Flags
r-devel-linux-x86_64-debian-clang 1.0.0 5.89 244.79 250.68 OK
r-devel-linux-x86_64-debian-gcc 1.0.0 4.89 184.44 189.33 OK
r-devel-linux-x86_64-fedora-clang 1.0.0 472.85 NOTE
r-devel-linux-x86_64-fedora-gcc 1.0.0 470.05 NOTE
r-devel-windows-x86_64-new-UL 1.0.0 114.00 349.00 463.00 OK
r-devel-windows-x86_64-new-TK 1.0.0 NOTE
r-patched-linux-x86_64 1.0.0 5.19 238.91 244.10 OK
r-release-linux-x86_64 1.0.0 5.75 237.64 243.39 OK
r-release-macos-arm64 1.0.0 NOTE
r-release-macos-x86_64 1.0.0 NOTE
r-release-windows-ix86+x86_64 1.0.0 12.00 329.00 341.00 OK
r-oldrel-macos-x86_64 1.0.0 NOTE
r-oldrel-windows-ix86+x86_64 1.0.0 12.00 328.00 340.00 OK

Check Details

Version: 1.0.0
Check: dependencies in R code
Result: NOTE
    Namespaces in Imports field not imported from:
     ‘pander’ ‘readr’ ‘tidyr’
     All declared Imports should be used.
Flavors: r-devel-linux-x86_64-fedora-clang, r-devel-linux-x86_64-fedora-gcc, r-devel-windows-x86_64-new-TK, r-release-macos-arm64, r-release-macos-x86_64, r-oldrel-macos-x86_64

Version: 1.0.0
Check: data for non-ASCII characters
Result: NOTE
     Note: found 80 marked UTF-8 strings
Flavors: r-devel-linux-x86_64-fedora-clang, r-devel-linux-x86_64-fedora-gcc, r-devel-windows-x86_64-new-TK, r-release-macos-arm64, r-release-macos-x86_64, r-oldrel-macos-x86_64