CRAN Package Check Results for Package genscore

Last updated on 2022-01-23 07:14:00 CET.

Flavor Version Tinstall Tcheck Ttotal Status Flags
r-devel-linux-x86_64-debian-clang 1.0.2 14.31 124.39 138.70 NOTE
r-devel-linux-x86_64-debian-gcc 1.0.2 13.40 100.64 114.04 NOTE
r-devel-linux-x86_64-fedora-clang 1.0.2 168.91 NOTE
r-devel-linux-x86_64-fedora-gcc 1.0.2 160.85 NOTE
r-devel-windows-x86_64-new-UL 1.0.2 152.00 177.00 329.00 NOTE
r-devel-windows-x86_64-new-TK 1.0.2 NOTE
r-patched-linux-x86_64 1.0.2 19.16 121.12 140.28 NOTE
r-release-linux-x86_64 1.0.2 15.57 122.07 137.64 NOTE
r-release-macos-arm64 1.0.2 NOTE
r-release-macos-x86_64 1.0.2 NOTE
r-release-windows-ix86+x86_64 1.0.2 38.00 254.00 292.00 NOTE
r-oldrel-macos-x86_64 1.0.2 OK
r-oldrel-windows-ix86+x86_64 1.0.2 36.00 262.00 298.00 OK

Check Details

Version: 1.0.2
Check: LazyData
Result: NOTE
     'LazyData' is specified without a 'data' directory
Flavors: r-devel-linux-x86_64-debian-clang, r-devel-linux-x86_64-debian-gcc, r-devel-linux-x86_64-fedora-clang, r-devel-linux-x86_64-fedora-gcc, r-devel-windows-x86_64-new-UL, r-devel-windows-x86_64-new-TK, r-patched-linux-x86_64, r-release-linux-x86_64, r-release-macos-arm64, r-release-macos-x86_64, r-release-windows-ix86+x86_64