Last updated on 2022-06-29 06:53:27 CEST.
Flavor | Version | Tinstall | Tcheck | Ttotal | Status | Flags |
---|---|---|---|---|---|---|
r-devel-linux-x86_64-debian-clang | 1.0.0 | 6.88 | 61.36 | 68.24 | NOTE | |
r-devel-linux-x86_64-debian-gcc | 1.0.0 | 5.30 | 45.92 | 51.22 | NOTE | |
r-devel-linux-x86_64-fedora-clang | 1.0.0 | 90.15 | NOTE | |||
r-devel-linux-x86_64-fedora-gcc | 1.0.0 | 89.24 | NOTE | |||
r-devel-windows-x86_64 | 1.0.0 | 18.00 | 100.00 | 118.00 | NOTE | |
r-patched-linux-x86_64 | 1.0.0 | 5.60 | 58.40 | 64.00 | NOTE | |
r-release-linux-x86_64 | 1.0.0 | 6.34 | 57.06 | 63.40 | NOTE | |
r-release-macos-arm64 | 1.0.0 | 49.00 | NOTE | |||
r-release-macos-x86_64 | 1.0.0 | 57.00 | NOTE | |||
r-release-windows-x86_64 | 1.0.0 | 31.00 | 101.00 | 132.00 | NOTE | |
r-oldrel-macos-arm64 | 1.0.0 | 39.00 | NOTE | |||
r-oldrel-macos-x86_64 | 1.0.0 | 73.00 | NOTE | |||
r-oldrel-windows-ix86+x86_64 | 1.0.0 | 17.00 | 92.00 | 109.00 | NOTE |
Version: 1.0.0
Check: LazyData
Result: NOTE
'LazyData' is specified without a 'data' directory
Flavors: r-devel-linux-x86_64-debian-clang, r-devel-linux-x86_64-debian-gcc, r-devel-linux-x86_64-fedora-clang, r-devel-linux-x86_64-fedora-gcc, r-devel-windows-x86_64, r-patched-linux-x86_64, r-release-linux-x86_64, r-release-macos-arm64, r-release-macos-x86_64, r-release-windows-x86_64, r-oldrel-macos-arm64, r-oldrel-macos-x86_64, r-oldrel-windows-ix86+x86_64