Last updated on 2022-07-03 07:51:54 CEST.
Flavor | Version | Tinstall | Tcheck | Ttotal | Status | Flags |
---|---|---|---|---|---|---|
r-devel-linux-x86_64-debian-clang | 0.8.5 | 38.35 | 344.46 | 382.81 | OK | |
r-devel-linux-x86_64-debian-gcc | 0.8.5 | 31.59 | 253.78 | 285.37 | OK | |
r-devel-linux-x86_64-fedora-clang | 0.8.5 | 479.38 | NOTE | |||
r-devel-linux-x86_64-fedora-gcc | 0.8.5 | 486.29 | NOTE | |||
r-devel-windows-x86_64 | 0.8.5 | 63.00 | 348.00 | 411.00 | OK | |
r-patched-linux-x86_64 | 0.8.5 | 35.65 | 325.37 | 361.02 | OK | |
r-release-linux-x86_64 | 0.8.5 | 34.92 | 319.97 | 354.89 | OK | |
r-release-macos-arm64 | 0.8.5 | 116.00 | NOTE | |||
r-release-macos-x86_64 | 0.8.5 | 155.00 | NOTE | |||
r-release-windows-x86_64 | 0.8.5 | 54.00 | 335.00 | 389.00 | OK | |
r-oldrel-macos-arm64 | 0.8.5 | 103.00 | NOTE | |||
r-oldrel-macos-x86_64 | 0.8.5 | 154.00 | NOTE | |||
r-oldrel-windows-ix86+x86_64 | 0.8.5 | 87.00 | 337.00 | 424.00 | OK |
Version: 0.8.5
Check: package dependencies
Result: NOTE
Package suggested but not available for checking: ‘rrvgo’
Flavors: r-devel-linux-x86_64-fedora-clang, r-devel-linux-x86_64-fedora-gcc, r-release-macos-arm64, r-release-macos-x86_64, r-oldrel-macos-arm64, r-oldrel-macos-x86_64