CRAN Package Check Results for Package gender

Last updated on 2022-01-25 07:50:07 CET.

Flavor Version Tinstall Tcheck Ttotal Status Flags
r-devel-linux-x86_64-debian-clang 0.6.0 3.81 59.00 62.81 NOTE
r-devel-linux-x86_64-debian-gcc 0.6.0 3.91 46.80 50.71 NOTE
r-devel-linux-x86_64-fedora-clang 0.6.0 78.94 NOTE
r-devel-linux-x86_64-fedora-gcc 0.6.0 65.65 NOTE
r-devel-windows-x86_64-new-UL 0.6.0 30.00 81.00 111.00 NOTE
r-devel-windows-x86_64-new-TK 0.6.0 NOTE
r-patched-linux-x86_64 0.6.0 4.08 54.55 58.63 NOTE
r-release-linux-x86_64 0.6.0 4.55 55.00 59.55 NOTE
r-release-macos-arm64 0.6.0 NOTE
r-release-macos-x86_64 0.6.0 NOTE
r-release-windows-ix86+x86_64 0.6.0 13.00 65.00 78.00 NOTE
r-oldrel-macos-x86_64 0.6.0 NOTE
r-oldrel-windows-ix86+x86_64 0.6.0 13.00 67.00 80.00 NOTE

Check Details

Version: 0.6.0
Check: package dependencies
Result: NOTE
    Package suggested but not available for checking: 'genderdata'
Flavors: r-devel-linux-x86_64-debian-clang, r-devel-linux-x86_64-debian-gcc, r-devel-linux-x86_64-fedora-clang, r-devel-linux-x86_64-fedora-gcc, r-devel-windows-x86_64-new-UL, r-devel-windows-x86_64-new-TK, r-patched-linux-x86_64, r-release-linux-x86_64, r-release-macos-arm64, r-release-macos-x86_64, r-release-windows-ix86+x86_64, r-oldrel-macos-x86_64, r-oldrel-windows-ix86+x86_64