Last updated on 2022-05-18 06:50:42 CEST.
Flavor | Version | Tinstall | Tcheck | Ttotal | Status | Flags |
---|---|---|---|---|---|---|
r-devel-linux-x86_64-debian-clang | 0.2.4 | 46.62 | 39.73 | 86.35 | OK | |
r-devel-linux-x86_64-debian-gcc | 0.2.4 | 40.81 | 30.97 | 71.78 | OK | |
r-devel-linux-x86_64-fedora-clang | 0.2.4 | 134.05 | OK | |||
r-devel-linux-x86_64-fedora-gcc | 0.2.4 | 114.45 | OK | |||
r-devel-windows-x86_64 | 0.2.4 | 70.00 | 90.00 | 160.00 | OK | |
r-patched-linux-x86_64 | 0.2.4 | 42.50 | 38.20 | 80.70 | OK | |
r-release-linux-x86_64 | 0.2.4 | 43.38 | 38.40 | 81.78 | OK | |
r-release-macos-arm64 | 0.2.4 | 31.00 | OK | |||
r-release-macos-x86_64 | 0.2.4 | 50.00 | OK | |||
r-release-windows-x86_64 | 0.2.4 | 70.00 | 89.00 | 159.00 | OK | |
r-oldrel-macos-arm64 | 0.2.4 | 36.00 | NOTE | |||
r-oldrel-macos-x86_64 | 0.2.4 | 66.00 | OK | |||
r-oldrel-windows-ix86+x86_64 | 0.2.4 | 129.00 | 87.00 | 216.00 | NOTE |
Version: 0.2.4
Check: installed package size
Result: NOTE
installed size is 5.2Mb
sub-directories of 1Mb or more:
libs 5.1Mb
Flavors: r-oldrel-macos-arm64, r-oldrel-windows-ix86+x86_64