CRAN Package Check Results for Package gbutils

Last updated on 2022-05-19 07:50:09 CEST.

Flavor Version Tinstall Tcheck Ttotal Status Flags
r-devel-linux-x86_64-debian-clang 0.4-0 3.61 47.10 50.71 OK
r-devel-linux-x86_64-debian-gcc 0.4-0 3.21 36.31 39.52 OK
r-devel-linux-x86_64-fedora-clang 0.4-0 61.35 OK
r-devel-linux-x86_64-fedora-gcc 0.4-0 60.10 OK
r-devel-windows-x86_64 0.4-0 19.00 72.00 91.00 OK
r-patched-linux-x86_64 0.4-0 3.08 43.97 47.05 OK
r-release-linux-x86_64 0.4-0 3.44 44.53 47.97 OK
r-release-macos-arm64 0.4-0 23.00 NOTE
r-release-macos-x86_64 0.4-0 29.00 OK
r-release-windows-x86_64 0.4-0 19.00 74.00 93.00 OK
r-oldrel-macos-arm64 0.4-0 29.00 OK
r-oldrel-macos-x86_64 0.4-0 46.00 OK
r-oldrel-windows-ix86+x86_64 0.4-0 8.00 66.00 74.00 OK

Check Details

Version: 0.4-0
Check: package dependencies
Result: NOTE
    Packages suggested but not available for checking:
     'classGraph', 'graph', 'Rgraphviz'
Flavor: r-release-macos-arm64