Last updated on 2022-08-13 07:55:21 CEST.
Flavor | Version | Tinstall | Tcheck | Ttotal | Status | Flags |
---|---|---|---|---|---|---|
r-devel-linux-x86_64-debian-clang | 0.1.0 | 34.33 | 32.33 | 66.66 | OK | |
r-devel-linux-x86_64-debian-gcc | 0.1.0 | 28.68 | 26.33 | 55.01 | OK | |
r-devel-linux-x86_64-fedora-clang | 0.1.0 | 100.85 | NOTE | |||
r-devel-linux-x86_64-fedora-gcc | 0.1.0 | 98.74 | OK | |||
r-devel-windows-x86_64 | 0.1.0 | 29.00 | 78.00 | 107.00 | OK | |
r-patched-linux-x86_64 | 0.1.0 | 26.14 | 32.42 | 58.56 | OK | |
r-release-linux-x86_64 | 0.1.0 | 29.62 | 33.31 | 62.93 | OK | |
r-release-macos-arm64 | 0.1.0 | 29.00 | NOTE | |||
r-release-macos-x86_64 | 0.1.0 | 39.00 | NOTE | |||
r-release-windows-x86_64 | 0.1.0 | 33.00 | 79.00 | 112.00 | OK | |
r-oldrel-macos-arm64 | 0.1.0 | 38.00 | NOTE | |||
r-oldrel-macos-x86_64 | 0.1.0 | 52.00 | NOTE | |||
r-oldrel-windows-ix86+x86_64 | 0.1.0 | 83.00 | 79.00 | 162.00 | OK |
Version: 0.1.0
Check: installed package size
Result: NOTE
installed size is 5.4Mb
sub-directories of 1Mb or more:
libs 5.2Mb
Flavors: r-devel-linux-x86_64-fedora-clang, r-release-macos-arm64, r-release-macos-x86_64, r-oldrel-macos-arm64, r-oldrel-macos-x86_64