Last updated on 2022-05-22 07:53:13 CEST.
Flavor | Version | Tinstall | Tcheck | Ttotal | Status | Flags |
---|---|---|---|---|---|---|
r-devel-linux-x86_64-debian-clang | 0.5.5 | 446.51 | 197.57 | 644.08 | NOTE | |
r-devel-linux-x86_64-debian-gcc | 0.5.5 | 424.44 | 164.85 | 589.29 | NOTE | |
r-devel-linux-x86_64-fedora-clang | 0.5.5 | 904.32 | NOTE | |||
r-devel-linux-x86_64-fedora-gcc | 0.5.5 | 976.08 | NOTE | |||
r-devel-windows-x86_64 | 0.5.5 | 314.00 | 243.00 | 557.00 | NOTE | |
r-patched-linux-x86_64 | 0.5.5 | 357.53 | 210.57 | 568.10 | NOTE | |
r-release-linux-x86_64 | 0.5.5 | 329.07 | 214.23 | 543.30 | NOTE | |
r-release-macos-arm64 | 0.5.5 | 208.00 | NOTE | |||
r-release-macos-x86_64 | 0.5.5 | 311.00 | NOTE | |||
r-release-windows-x86_64 | 0.5.5 | 309.00 | 255.00 | 564.00 | NOTE | |
r-oldrel-macos-arm64 | 0.5.5 | 219.00 | NOTE | |||
r-oldrel-macos-x86_64 | 0.5.5 | 293.00 | NOTE | |||
r-oldrel-windows-ix86+x86_64 | 0.5.5 | 519.00 | 212.00 | 731.00 | NOTE |
Version: 0.5.5
Check: for GNU extensions in Makefiles
Result: NOTE
GNU make is a SystemRequirements.
Flavors: r-devel-linux-x86_64-debian-clang, r-devel-linux-x86_64-debian-gcc, r-devel-linux-x86_64-fedora-clang, r-devel-linux-x86_64-fedora-gcc, r-devel-windows-x86_64, r-patched-linux-x86_64, r-release-linux-x86_64, r-release-macos-arm64, r-release-macos-x86_64, r-release-windows-x86_64, r-oldrel-macos-arm64, r-oldrel-macos-x86_64, r-oldrel-windows-ix86+x86_64
Version: 0.5.5
Check: installed package size
Result: NOTE
installed size is 57.5Mb
sub-directories of 1Mb or more:
libs 57.0Mb
Flavors: r-devel-linux-x86_64-fedora-clang, r-release-macos-arm64, r-release-macos-x86_64, r-oldrel-macos-arm64, r-oldrel-macos-x86_64