CRAN Package Check Results for Package gasper

Last updated on 2022-01-20 06:49:20 CET.

Flavor Version Tinstall Tcheck Ttotal Status Flags
r-devel-linux-x86_64-debian-clang 1.1.1 OK
r-devel-linux-x86_64-debian-gcc 1.1.1 34.91 91.94 126.85 OK
r-devel-linux-x86_64-fedora-clang 1.1.1 218.21 OK
r-devel-linux-x86_64-fedora-gcc 1.1.1 196.20 OK
r-devel-windows-x86_64-new-UL 1.1.1 81.00 200.00 281.00 OK
r-devel-windows-x86_64-new-TK 1.1.1 OK
r-patched-linux-x86_64 1.1.1 37.21 113.51 150.72 OK
r-release-linux-x86_64 1.1.1 OK
r-release-macos-arm64 1.1.1 OK
r-release-macos-x86_64 1.1.1 OK
r-release-windows-ix86+x86_64 1.1.1 118.00 163.00 281.00 ERROR
r-oldrel-macos-x86_64 1.1.1 OK
r-oldrel-windows-ix86+x86_64 1.1.1 119.00 172.00 291.00 ERROR

Check Details

Version: 1.1.1
Check: running examples for arch ‘i386’
Result: ERROR
    Running examples in 'gasper-Ex.R' failed
    The error most likely occurred in:
    
    > ### Name: HPFVN
    > ### Title: High Pass Filter Von Neumann Estimator.
    > ### Aliases: HPFVN
    >
    > ### ** Examples
    >
    > matrixname <- "grid1"
    > groupname <- "AG-Monien"
    > graph <- download_graph(matrixname,groupname)
    trying URL 'https://sparse.tamu.edu/MM/AG-Monien/grid1.tar.gz'
    Warning in download.file(url, temp) :
     InternetOpenUrl failed: 'Die Serververbindung konnte nicht hergestellt werden.'
    Error in download.file(url, temp) :
     cannot open URL 'https://sparse.tamu.edu/MM/AG-Monien/grid1.tar.gz'
    Calls: download_graph -> download.file
    Execution halted
Flavors: r-release-windows-ix86+x86_64, r-oldrel-windows-ix86+x86_64

Version: 1.1.1
Check: running examples for arch ‘x64’
Result: ERROR
    Running examples in 'gasper-Ex.R' failed
    The error most likely occurred in:
    
    > ### Name: HPFVN
    > ### Title: High Pass Filter Von Neumann Estimator.
    > ### Aliases: HPFVN
    >
    > ### ** Examples
    >
    > matrixname <- "grid1"
    > groupname <- "AG-Monien"
    > graph <- download_graph(matrixname,groupname)
    trying URL 'https://sparse.tamu.edu/MM/AG-Monien/grid1.tar.gz'
    Warning in download.file(url, temp) :
     InternetOpenUrl failed: 'Die Serververbindung konnte nicht hergestellt werden.'
    Error in download.file(url, temp) :
     cannot open URL 'https://sparse.tamu.edu/MM/AG-Monien/grid1.tar.gz'
    Calls: download_graph -> download.file
    Execution halted
Flavors: r-release-windows-ix86+x86_64, r-oldrel-windows-ix86+x86_64

Version: 1.1.1
Check: re-building of vignette outputs
Result: WARN
    Error(s) in re-building vignettes:
    --- re-building 'gasper_vignette.rmd' using rmarkdown
    trying URL 'https://sparse.tamu.edu/MM/AG-Monien/grid1.tar.gz'
    Quitting from lines 52-56 (gasper_vignette.rmd)
    Error: processing vignette 'gasper_vignette.rmd' failed with diagnostics:
    cannot open URL 'https://sparse.tamu.edu/MM/AG-Monien/grid1.tar.gz'
    --- failed re-building 'gasper_vignette.rmd'
    
    SUMMARY: processing the following file failed:
     'gasper_vignette.rmd'
    
    Error: Vignette re-building failed.
    Execution halted
Flavors: r-release-windows-ix86+x86_64, r-oldrel-windows-ix86+x86_64